{"id":6398,"date":"2023-09-07T19:20:36","date_gmt":"2023-09-07T19:20:36","guid":{"rendered":"https:\/\/casabravo.cl\/?post_type=product&#038;p=6398"},"modified":"2025-07-10T15:58:10","modified_gmt":"2025-07-10T15:58:10","slug":"camara-domo-wifi-ranger-4-mega-pixeles-imou","status":"publish","type":"product","link":"https:\/\/casabravo.cl\/?product=camara-domo-wifi-ranger-4-mega-pixeles-imou","title":{"rendered":"C\u00c1MARA DOMO WIFI RANGER (INTERIOR) 4MP IMOU"},"content":{"rendered":"<p>CAMARA WIFI<\/p>\n<p><strong>CARACTER\u00cdSTICAS:<\/strong><\/p>\n<p>APLICACI\u00d3N: C\u00c1MARA WIFI INTERIOR<\/p>\n<p>TIPO: DOMO IP WIFI RANGER\u00a0 INAL\u00c1MBRICA<\/p>\n<p>RESOLUCI\u00d3N: 4 MP<\/p>\n<p>USO: INTERIOR DEL HOGAR,\u00a0BEB\u00c9\/MASCOTAS\/ NI\u00d1ERA \/ TRABAJO<\/p>\n<p>DISTANCIA: 20.0 METROS<\/p>\n<p>OTROS: VISI\u00d3N NOCTURNA, \u00c1NGULO VISI\u00d3N 360\u00ba<\/p>\n<p>COMUNICACI\u00d3N BIDIRECCIONAL<\/p>\n<p>DETECCI\u00d3N HUMANA, SEGUIMIENTO INTELIGENTE, SIRENA<\/p>\n<p>ALARMA<\/p>\n<p>ALMACENAMIENTO: NUBE \/ TARJETA MICRO SD\/NVR<\/p>\n<p>MARCA: IMOU<\/p>\n<p>MODELO: IPC-K2EN-4H1N<\/p>\n<p>C\u00d3DIGO: 000773<\/p>\n<p>&nbsp;<\/p>\n<p>&nbsp;<\/p>\n","protected":false},"excerpt":{"rendered":"<p>CAMARA WIFI CARACTER\u00cdSTICAS: APLICACI\u00d3N: C\u00c1MARA WIFI INTERIOR TIPO: DOMO IP WIFI RANGER\u00a0 INAL\u00c1MBRICA RESOLUCI\u00d3N: 4 MP USO: INTERIOR DEL HOGAR,\u00a0BEB\u00c9\/MASCOTAS\/ NI\u00d1ERA \/ TRABAJO DISTANCIA: 20.0 METROS OTROS: VISI\u00d3N NOCTURNA, \u00c1NGULO VISI\u00d3N 360\u00ba COMUNICACI\u00d3N BIDIRECCIONAL DETECCI\u00d3N HUMANA, SEGUIMIENTO INTELIGENTE, SIRENA ALARMA ALMACENAMIENTO: NUBE \/ TARJETA MICRO SD\/NVR MARCA: IMOU MODELO: IPC-K2EN-4H1N C\u00d3DIGO: 000773 &nbsp; &nbsp;<\/p>\n","protected":false},"featured_media":0,"comment_status":"open","ping_status":"closed","template":"","meta":[],"_links":{"self":[{"href":"https:\/\/casabravo.cl\/index.php?rest_route=\/wp\/v2\/product\/6398"}],"collection":[{"href":"https:\/\/casabravo.cl\/index.php?rest_route=\/wp\/v2\/product"}],"about":[{"href":"https:\/\/casabravo.cl\/index.php?rest_route=\/wp\/v2\/types\/product"}],"replies":[{"embeddable":true,"href":"https:\/\/casabravo.cl\/index.php?rest_route=%2Fwp%2Fv2%2Fcomments&post=6398"}],"wp:attachment":[{"href":"https:\/\/casabravo.cl\/index.php?rest_route=%2Fwp%2Fv2%2Fmedia&parent=6398"}],"curies":[{"name":"wp","href":"https:\/\/api.w.org\/{rel}","templated":true}]}}