{"id":6350,"date":"2023-04-04T22:59:01","date_gmt":"2023-04-04T22:59:01","guid":{"rendered":"https:\/\/casabravo.cl\/?post_type=product&#038;p=6350"},"modified":"2025-12-02T15:41:14","modified_gmt":"2025-12-02T15:41:14","slug":"camara-bullet-5mp-dahua","status":"publish","type":"product","link":"https:\/\/casabravo.cl\/?product=camara-bullet-5mp-dahua","title":{"rendered":"C\u00c1MARA BULLET 5MP DAHUA"},"content":{"rendered":"<p>C\u00c1MARA<\/p>\n<p><strong>CARACTER\u00cdSTICAS:<\/strong><\/p>\n<p>APLICACI\u00d3N: C\u00c1MARA DE SEGURIDAD<\/p>\n<p>TIPO: BULLET MET\u00c1LICA<\/p>\n<p>RESOLUCI\u00d3N: 5 MEGAPIXELES FULL HD<\/p>\n<p>DISTANCIA: 30.0 METROS IR<\/p>\n<p>LENTE: 3.6 MM<\/p>\n<p>MARCA: DAHUA<\/p>\n<p>C\u00d3DIGO: 000714<\/p>\n","protected":false},"excerpt":{"rendered":"<p>C\u00c1MARA CARACTER\u00cdSTICAS: APLICACI\u00d3N: C\u00c1MARA DE SEGURIDAD TIPO: BULLET MET\u00c1LICA RESOLUCI\u00d3N: 5 MEGAPIXELES FULL HD DISTANCIA: 30.0 METROS IR LENTE: 3.6 MM MARCA: DAHUA C\u00d3DIGO: 000714<\/p>\n","protected":false},"featured_media":1920,"comment_status":"open","ping_status":"closed","template":"","meta":[],"_links":{"self":[{"href":"https:\/\/casabravo.cl\/index.php?rest_route=\/wp\/v2\/product\/6350"}],"collection":[{"href":"https:\/\/casabravo.cl\/index.php?rest_route=\/wp\/v2\/product"}],"about":[{"href":"https:\/\/casabravo.cl\/index.php?rest_route=\/wp\/v2\/types\/product"}],"replies":[{"embeddable":true,"href":"https:\/\/casabravo.cl\/index.php?rest_route=%2Fwp%2Fv2%2Fcomments&post=6350"}],"wp:featuredmedia":[{"embeddable":true,"href":"https:\/\/casabravo.cl\/index.php?rest_route=\/wp\/v2\/media\/1920"}],"wp:attachment":[{"href":"https:\/\/casabravo.cl\/index.php?rest_route=%2Fwp%2Fv2%2Fmedia&parent=6350"}],"curies":[{"name":"wp","href":"https:\/\/api.w.org\/{rel}","templated":true}]}}