{"id":618,"date":"2016-05-18T14:33:39","date_gmt":"2016-05-18T14:33:39","guid":{"rendered":"http:\/\/casabravo.cl\/?post_type=product&#038;p=618"},"modified":"2019-01-23T20:35:14","modified_gmt":"2019-01-23T20:35:14","slug":"panel-led-cw-20w-pce-pbd01-30x60-cm","status":"publish","type":"product","link":"https:\/\/casabravo.cl\/?product=panel-led-cw-20w-pce-pbd01-30x60-cm","title":{"rendered":"PANEL LED RECTANGULAR 20 WATTS 30&#215;60 CMS."},"content":{"rendered":"<p><strong>CARACTER\u00cdSTICAS:<\/strong><\/p>\n<p>APLICACI\u00d3N: PANEL LED 20 WATTS<\/p>\n<p>TIPO: RECTANGULAR EMBUTIDO<\/p>\n<p>COLOR: LUZ FR\u00cdA<\/p>\n<p>TAMA\u00d1O: 30\u00a0x 60 CMS.<\/p>\n<p>C\u00d3DIGO: 000585<\/p>\n<p>&nbsp;<\/p>\n","protected":false},"excerpt":{"rendered":"<p>CARACTER\u00cdSTICAS: APLICACI\u00d3N: PANEL LED 20 WATTS TIPO: RECTANGULAR EMBUTIDO COLOR: LUZ FR\u00cdA TAMA\u00d1O: 30\u00a0x 60 CMS. C\u00d3DIGO: 000585 &nbsp;<\/p>\n","protected":false},"featured_media":0,"comment_status":"open","ping_status":"closed","template":"","meta":[],"_links":{"self":[{"href":"https:\/\/casabravo.cl\/index.php?rest_route=\/wp\/v2\/product\/618"}],"collection":[{"href":"https:\/\/casabravo.cl\/index.php?rest_route=\/wp\/v2\/product"}],"about":[{"href":"https:\/\/casabravo.cl\/index.php?rest_route=\/wp\/v2\/types\/product"}],"replies":[{"embeddable":true,"href":"https:\/\/casabravo.cl\/index.php?rest_route=%2Fwp%2Fv2%2Fcomments&post=618"}],"wp:attachment":[{"href":"https:\/\/casabravo.cl\/index.php?rest_route=%2Fwp%2Fv2%2Fmedia&parent=618"}],"curies":[{"name":"wp","href":"https:\/\/api.w.org\/{rel}","templated":true}]}}