{"id":6167,"date":"2022-01-27T19:28:50","date_gmt":"2022-01-27T19:28:50","guid":{"rendered":"https:\/\/casabravo.cl\/?post_type=product&#038;p=6167"},"modified":"2022-01-27T19:28:50","modified_gmt":"2022-01-27T19:28:50","slug":"foco-proyector-led-30-watts-12-24v","status":"publish","type":"product","link":"https:\/\/casabravo.cl\/?product=foco-proyector-led-30-watts-12-24v","title":{"rendered":"FOCO PROYECTOR LED 30 WATTS 12\/24V"},"content":{"rendered":"<p>FOCO<\/p>\n<p><strong>CARACTER\u00cdSTICAS:<\/strong><\/p>\n<p>APLICACI\u00d3N: PROYECTOR DE \u00c1REA LED<\/p>\n<p>TIPO: 12\/24V<\/p>\n<p>POTENCIA: 30 WATTS<\/p>\n<p>L\u00daMENES: 2700 LM<\/p>\n<p>COLOR: LUZ FR\u00cdA (6300K)<\/p>\n<p>DURACI\u00d3N: 25000 HORAS &#8211; IP66<\/p>\n<p>\u00c1REA ILUM,INACI\u00d3N: 120\u00b0<\/p>\n<p>TAMA\u00d1O: 160*25*122 MM<\/p>\n<p>MARCA: GRUNTEK<\/p>\n<p>C\u00d3DIGO: 000657<\/p>\n","protected":false},"excerpt":{"rendered":"<p>FOCO CARACTER\u00cdSTICAS: APLICACI\u00d3N: PROYECTOR DE \u00c1REA LED TIPO: 12\/24V POTENCIA: 30 WATTS L\u00daMENES: 2700 LM COLOR: LUZ FR\u00cdA (6300K) DURACI\u00d3N: 25000 HORAS &#8211; IP66 \u00c1REA ILUM,INACI\u00d3N: 120\u00b0 TAMA\u00d1O: 160*25*122 MM MARCA: GRUNTEK C\u00d3DIGO: 000657<\/p>\n","protected":false},"featured_media":6163,"comment_status":"open","ping_status":"closed","template":"","meta":[],"_links":{"self":[{"href":"https:\/\/casabravo.cl\/index.php?rest_route=\/wp\/v2\/product\/6167"}],"collection":[{"href":"https:\/\/casabravo.cl\/index.php?rest_route=\/wp\/v2\/product"}],"about":[{"href":"https:\/\/casabravo.cl\/index.php?rest_route=\/wp\/v2\/types\/product"}],"replies":[{"embeddable":true,"href":"https:\/\/casabravo.cl\/index.php?rest_route=%2Fwp%2Fv2%2Fcomments&post=6167"}],"wp:featuredmedia":[{"embeddable":true,"href":"https:\/\/casabravo.cl\/index.php?rest_route=\/wp\/v2\/media\/6163"}],"wp:attachment":[{"href":"https:\/\/casabravo.cl\/index.php?rest_route=%2Fwp%2Fv2%2Fmedia&parent=6167"}],"curies":[{"name":"wp","href":"https:\/\/api.w.org\/{rel}","templated":true}]}}