{"id":6117,"date":"2021-11-27T14:40:45","date_gmt":"2021-11-27T14:40:45","guid":{"rendered":"https:\/\/casabravo.cl\/?post_type=product&#038;p=6117"},"modified":"2021-11-27T14:40:46","modified_gmt":"2021-11-27T14:40:46","slug":"cable-hdmi-30-0-metros-1-4v-m-m-26wg","status":"publish","type":"product","link":"https:\/\/casabravo.cl\/?product=cable-hdmi-30-0-metros-1-4v-m-m-26wg","title":{"rendered":"CABLE HDMI 30.0 METROS 1.4V M\/M 26WG"},"content":{"rendered":"<p>CABLE HDMI<\/p>\n<p><strong>CARACTER\u00cdSTICAS:<\/strong><\/p>\n<p>APLICACI\u00d3N: CABLE HDMI 1.4V MACHO\/MACHO<\/p>\n<p>TIPO: <strong>CONECTOR MET\u00c1LICO BA\u00d1O ORO 26WG<\/strong><\/p>\n<p>LARGO: 30.0 METROS<\/p>\n<p>MARCA: DINON<\/p>\n<p>C\u00d3DIGO: 000396<\/p>\n","protected":false},"excerpt":{"rendered":"<p>CABLE HDMI CARACTER\u00cdSTICAS: APLICACI\u00d3N: CABLE HDMI 1.4V MACHO\/MACHO TIPO: CONECTOR MET\u00c1LICO BA\u00d1O ORO 26WG LARGO: 30.0 METROS MARCA: DINON C\u00d3DIGO: 000396<\/p>\n","protected":false},"featured_media":5178,"comment_status":"open","ping_status":"closed","template":"","meta":[],"_links":{"self":[{"href":"https:\/\/casabravo.cl\/index.php?rest_route=\/wp\/v2\/product\/6117"}],"collection":[{"href":"https:\/\/casabravo.cl\/index.php?rest_route=\/wp\/v2\/product"}],"about":[{"href":"https:\/\/casabravo.cl\/index.php?rest_route=\/wp\/v2\/types\/product"}],"replies":[{"embeddable":true,"href":"https:\/\/casabravo.cl\/index.php?rest_route=%2Fwp%2Fv2%2Fcomments&post=6117"}],"wp:featuredmedia":[{"embeddable":true,"href":"https:\/\/casabravo.cl\/index.php?rest_route=\/wp\/v2\/media\/5178"}],"wp:attachment":[{"href":"https:\/\/casabravo.cl\/index.php?rest_route=%2Fwp%2Fv2%2Fmedia&parent=6117"}],"curies":[{"name":"wp","href":"https:\/\/api.w.org\/{rel}","templated":true}]}}