{"id":6016,"date":"2021-09-23T14:39:28","date_gmt":"2021-09-23T14:39:28","guid":{"rendered":"https:\/\/casabravo.cl\/?post_type=product&#038;p=6016"},"modified":"2021-09-23T14:39:28","modified_gmt":"2021-09-23T14:39:28","slug":"ventilador-para-notebook-ajustable","status":"publish","type":"product","link":"https:\/\/casabravo.cl\/?product=ventilador-para-notebook-ajustable","title":{"rendered":"VENTILADOR PARA NOTEBOOK AJUSTABLE"},"content":{"rendered":"<p>VENTILADOR<\/p>\n<p><strong>CARACTER\u00cdSTICAS:<\/strong><\/p>\n<p>APLICACI\u00d3N: BASE ENFRIADORA PARA NOTEBOOK<\/p>\n<p>TIPO: AJUSTABLE CON 2 PUERTOS USB<\/p>\n<p>MATERIAL: MET\u00c1LICO 1 VENTILADOR<\/p>\n<p>COLOR: NEGRO<\/p>\n<p>C\u00d3DIGO: 000485<\/p>\n","protected":false},"excerpt":{"rendered":"<p>VENTILADOR CARACTER\u00cdSTICAS: APLICACI\u00d3N: BASE ENFRIADORA PARA NOTEBOOK TIPO: AJUSTABLE CON 2 PUERTOS USB MATERIAL: MET\u00c1LICO 1 VENTILADOR COLOR: NEGRO C\u00d3DIGO: 000485<\/p>\n","protected":false},"featured_media":6017,"comment_status":"open","ping_status":"closed","template":"","meta":[],"_links":{"self":[{"href":"https:\/\/casabravo.cl\/index.php?rest_route=\/wp\/v2\/product\/6016"}],"collection":[{"href":"https:\/\/casabravo.cl\/index.php?rest_route=\/wp\/v2\/product"}],"about":[{"href":"https:\/\/casabravo.cl\/index.php?rest_route=\/wp\/v2\/types\/product"}],"replies":[{"embeddable":true,"href":"https:\/\/casabravo.cl\/index.php?rest_route=%2Fwp%2Fv2%2Fcomments&post=6016"}],"wp:featuredmedia":[{"embeddable":true,"href":"https:\/\/casabravo.cl\/index.php?rest_route=\/wp\/v2\/media\/6017"}],"wp:attachment":[{"href":"https:\/\/casabravo.cl\/index.php?rest_route=%2Fwp%2Fv2%2Fmedia&parent=6016"}],"curies":[{"name":"wp","href":"https:\/\/api.w.org\/{rel}","templated":true}]}}