{"id":5986,"date":"2021-08-25T15:37:48","date_gmt":"2021-08-25T15:37:48","guid":{"rendered":"https:\/\/casabravo.cl\/?post_type=product&#038;p=5986"},"modified":"2023-09-04T14:24:11","modified_gmt":"2023-09-04T14:24:11","slug":"hub-4-puertos-usb-3-0-2","status":"publish","type":"product","link":"https:\/\/casabravo.cl\/?product=hub-4-puertos-usb-3-0-2","title":{"rendered":"HUB 4 PUERTOS USB 3.0"},"content":{"rendered":"<p>HUB<\/p>\n<p><strong>CARACTER\u00cdSTICAS:<\/strong><\/p>\n<p>APLICACI\u00d3N: HUB PARA PC O NOTEBOOK<\/p>\n<p>TIPO: USB 3.0<\/p>\n<p>PUERTOS: 4 PUERTOS O ENTRADAS<\/p>\n<p>LARGO: CABLE 30.0 CENT\u00cdMETROS<\/p>\n<p>C\u00d3DIGO: 001341<\/p>\n","protected":false},"excerpt":{"rendered":"<p>HUB CARACTER\u00cdSTICAS: APLICACI\u00d3N: HUB PARA PC O NOTEBOOK TIPO: USB 3.0 PUERTOS: 4 PUERTOS O ENTRADAS LARGO: CABLE 30.0 CENT\u00cdMETROS C\u00d3DIGO: 001341<\/p>\n","protected":false},"featured_media":5987,"comment_status":"open","ping_status":"closed","template":"","meta":[],"_links":{"self":[{"href":"https:\/\/casabravo.cl\/index.php?rest_route=\/wp\/v2\/product\/5986"}],"collection":[{"href":"https:\/\/casabravo.cl\/index.php?rest_route=\/wp\/v2\/product"}],"about":[{"href":"https:\/\/casabravo.cl\/index.php?rest_route=\/wp\/v2\/types\/product"}],"replies":[{"embeddable":true,"href":"https:\/\/casabravo.cl\/index.php?rest_route=%2Fwp%2Fv2%2Fcomments&post=5986"}],"wp:featuredmedia":[{"embeddable":true,"href":"https:\/\/casabravo.cl\/index.php?rest_route=\/wp\/v2\/media\/5987"}],"wp:attachment":[{"href":"https:\/\/casabravo.cl\/index.php?rest_route=%2Fwp%2Fv2%2Fmedia&parent=5986"}],"curies":[{"name":"wp","href":"https:\/\/api.w.org\/{rel}","templated":true}]}}