{"id":5813,"date":"2021-03-25T14:13:49","date_gmt":"2021-03-25T14:13:49","guid":{"rendered":"https:\/\/casabravo.cl\/?post_type=product&#038;p=5813"},"modified":"2021-07-15T20:12:57","modified_gmt":"2021-07-15T20:12:57","slug":"cable-digital-2-0-metros","status":"publish","type":"product","link":"https:\/\/casabravo.cl\/?product=cable-digital-2-0-metros","title":{"rendered":"CABLE DIGITAL 2.0 METROS"},"content":{"rendered":"<p>CABLE<\/p>\n<p><strong>CARACTER\u00cdSTICAS:<\/strong><\/p>\n<p>APLICACI\u00d3N: PARA DISPOSITIVOS ELECTR\u00d3NICOS<\/p>\n<p>TIPO: FIBER-OPTIC<\/p>\n<p>LARGO: 2.0 METROS<\/p>\n<p>C\u00d3DIGO: 001236<\/p>\n","protected":false},"excerpt":{"rendered":"<p>CABLE CARACTER\u00cdSTICAS: APLICACI\u00d3N: PARA DISPOSITIVOS ELECTR\u00d3NICOS TIPO: FIBER-OPTIC LARGO: 2.0 METROS C\u00d3DIGO: 001236<\/p>\n","protected":false},"featured_media":0,"comment_status":"open","ping_status":"closed","template":"","meta":[],"_links":{"self":[{"href":"https:\/\/casabravo.cl\/index.php?rest_route=\/wp\/v2\/product\/5813"}],"collection":[{"href":"https:\/\/casabravo.cl\/index.php?rest_route=\/wp\/v2\/product"}],"about":[{"href":"https:\/\/casabravo.cl\/index.php?rest_route=\/wp\/v2\/types\/product"}],"replies":[{"embeddable":true,"href":"https:\/\/casabravo.cl\/index.php?rest_route=%2Fwp%2Fv2%2Fcomments&post=5813"}],"wp:attachment":[{"href":"https:\/\/casabravo.cl\/index.php?rest_route=%2Fwp%2Fv2%2Fmedia&parent=5813"}],"curies":[{"name":"wp","href":"https:\/\/api.w.org\/{rel}","templated":true}]}}