{"id":5698,"date":"2021-01-13T21:50:56","date_gmt":"2021-01-13T21:50:56","guid":{"rendered":"https:\/\/casabravo.cl\/?post_type=product&#038;p=5698"},"modified":"2025-12-02T15:31:44","modified_gmt":"2025-12-02T15:31:44","slug":"gabinete-para-computador-2","status":"publish","type":"product","link":"https:\/\/casabravo.cl\/?product=gabinete-para-computador-2","title":{"rendered":"GABINETE PARA COMPUTADOR CON LUZ"},"content":{"rendered":"<p>GABINETE<\/p>\n<p><strong>CARACTER\u00cdSTICAS:<\/strong><\/p>\n<p>APLICACI\u00d3N: GABINETE PARA ARMADO PC<\/p>\n<p>TIPO: ATX CON LUZ 2 USB<\/p>\n<p>FUENTE: 500 WATTS<\/p>\n<p>MODELO: G5006<\/p>\n<p>C\u00d3DIGO: 000047<\/p>\n","protected":false},"excerpt":{"rendered":"<p>GABINETE CARACTER\u00cdSTICAS: APLICACI\u00d3N: GABINETE PARA ARMADO PC TIPO: ATX CON LUZ 2 USB FUENTE: 500 WATTS MODELO: G5006 C\u00d3DIGO: 000047<\/p>\n","protected":false},"featured_media":0,"comment_status":"open","ping_status":"closed","template":"","meta":[],"_links":{"self":[{"href":"https:\/\/casabravo.cl\/index.php?rest_route=\/wp\/v2\/product\/5698"}],"collection":[{"href":"https:\/\/casabravo.cl\/index.php?rest_route=\/wp\/v2\/product"}],"about":[{"href":"https:\/\/casabravo.cl\/index.php?rest_route=\/wp\/v2\/types\/product"}],"replies":[{"embeddable":true,"href":"https:\/\/casabravo.cl\/index.php?rest_route=%2Fwp%2Fv2%2Fcomments&post=5698"}],"wp:attachment":[{"href":"https:\/\/casabravo.cl\/index.php?rest_route=%2Fwp%2Fv2%2Fmedia&parent=5698"}],"curies":[{"name":"wp","href":"https:\/\/api.w.org\/{rel}","templated":true}]}}