{"id":5101,"date":"2020-09-25T20:43:53","date_gmt":"2020-09-25T20:43:53","guid":{"rendered":"http:\/\/casabravo.cl\/?post_type=product&#038;p=5101"},"modified":"2024-05-31T21:35:07","modified_gmt":"2024-05-31T21:35:07","slug":"teclado-inalambrico-2","status":"publish","type":"product","link":"https:\/\/casabravo.cl\/?product=teclado-inalambrico-2","title":{"rendered":"TECLADO INAL\u00c1MBRICO"},"content":{"rendered":"<p>TECLADO<\/p>\n<p><strong>CARACTER\u00cdSTICAS:<\/strong><\/p>\n<p>APLICACI\u00d3N: TECLADO PARA PC<\/p>\n<p>TIPO: INAL\u00c1MBRICO 2.4 GHZ<\/p>\n<p>DISE\u00d1O: RESISTENTE A SALPICADURAS,<\/p>\n<p>PATAS AJUSTABLES, TECLAS DURADERAS<\/p>\n<p>ALCANCE: 10.0 METROS<\/p>\n<p>MODELO: K230<\/p>\n<p>MARCA: LOGITECH<\/p>\n<p>C\u00d3DIGO: 001515<\/p>\n<p>&nbsp;<\/p>\n","protected":false},"excerpt":{"rendered":"<p>TECLADO CARACTER\u00cdSTICAS: APLICACI\u00d3N: TECLADO PARA PC TIPO: INAL\u00c1MBRICO 2.4 GHZ DISE\u00d1O: RESISTENTE A SALPICADURAS, PATAS AJUSTABLES, TECLAS DURADERAS ALCANCE: 10.0 METROS MODELO: K230 MARCA: LOGITECH C\u00d3DIGO: 001515 &nbsp;<\/p>\n","protected":false},"featured_media":0,"comment_status":"open","ping_status":"closed","template":"","meta":[],"_links":{"self":[{"href":"https:\/\/casabravo.cl\/index.php?rest_route=\/wp\/v2\/product\/5101"}],"collection":[{"href":"https:\/\/casabravo.cl\/index.php?rest_route=\/wp\/v2\/product"}],"about":[{"href":"https:\/\/casabravo.cl\/index.php?rest_route=\/wp\/v2\/types\/product"}],"replies":[{"embeddable":true,"href":"https:\/\/casabravo.cl\/index.php?rest_route=%2Fwp%2Fv2%2Fcomments&post=5101"}],"wp:attachment":[{"href":"https:\/\/casabravo.cl\/index.php?rest_route=%2Fwp%2Fv2%2Fmedia&parent=5101"}],"curies":[{"name":"wp","href":"https:\/\/api.w.org\/{rel}","templated":true}]}}