{"id":5069,"date":"2020-09-12T15:27:27","date_gmt":"2020-09-12T15:27:27","guid":{"rendered":"http:\/\/casabravo.cl\/?post_type=product&#038;p=5069"},"modified":"2023-04-11T16:22:10","modified_gmt":"2023-04-11T16:22:10","slug":"access-point-300-mbps","status":"publish","type":"product","link":"https:\/\/casabravo.cl\/?product=access-point-300-mbps","title":{"rendered":"ACCESS POINT 300 MBPS TP-LINK"},"content":{"rendered":"<p>ACCESS<\/p>\n<p><strong>CARACTER\u00cdSTICAS:<\/strong><\/p>\n<p>APLICACI\u00d3N: ACCESS PARA RED<\/p>\n<p>TIPO: 2 ANTENAS<\/p>\n<p>POTENCIA: 300 MBPS<\/p>\n<p>MODELO: TL-WA801N<\/p>\n<p>MARCA: TP-LINK<\/p>\n<p>C\u00d3DIGO: 000343<\/p>\n","protected":false},"excerpt":{"rendered":"<p>ACCESS CARACTER\u00cdSTICAS: APLICACI\u00d3N: ACCESS PARA RED TIPO: 2 ANTENAS POTENCIA: 300 MBPS MODELO: TL-WA801N MARCA: TP-LINK C\u00d3DIGO: 000343<\/p>\n","protected":false},"featured_media":282,"comment_status":"open","ping_status":"closed","template":"","meta":[],"_links":{"self":[{"href":"https:\/\/casabravo.cl\/index.php?rest_route=\/wp\/v2\/product\/5069"}],"collection":[{"href":"https:\/\/casabravo.cl\/index.php?rest_route=\/wp\/v2\/product"}],"about":[{"href":"https:\/\/casabravo.cl\/index.php?rest_route=\/wp\/v2\/types\/product"}],"replies":[{"embeddable":true,"href":"https:\/\/casabravo.cl\/index.php?rest_route=%2Fwp%2Fv2%2Fcomments&post=5069"}],"wp:featuredmedia":[{"embeddable":true,"href":"https:\/\/casabravo.cl\/index.php?rest_route=\/wp\/v2\/media\/282"}],"wp:attachment":[{"href":"https:\/\/casabravo.cl\/index.php?rest_route=%2Fwp%2Fv2%2Fmedia&parent=5069"}],"curies":[{"name":"wp","href":"https:\/\/api.w.org\/{rel}","templated":true}]}}