{"id":5047,"date":"2020-08-31T22:27:42","date_gmt":"2020-08-31T22:27:42","guid":{"rendered":"http:\/\/casabravo.cl\/?post_type=product&#038;p=5047"},"modified":"2020-08-31T22:27:42","modified_gmt":"2020-08-31T22:27:42","slug":"camara-endoscopica-usb-5-0-mts","status":"publish","type":"product","link":"https:\/\/casabravo.cl\/?product=camara-endoscopica-usb-5-0-mts","title":{"rendered":"C\u00c1MARA ENDOSC\u00d3PICA USB 5.0 MTS."},"content":{"rendered":"<p>C\u00c1MARA<\/p>\n<p><strong>CARACTER\u00cdSTICAS:<\/strong><\/p>\n<p>APLICACI\u00d3N: C\u00c1MARA ENDOSC\u00d3PICA<\/p>\n<p>TIPO: USB 2.0, 6 LED, 7.0 MM<\/p>\n<p>RESOLUCI\u00d3N: HD: 640*480, 1280*720 (PC)<\/p>\n<p>SOPORTE:\u00a0ANDROID Y PC<\/p>\n<p>LARGO: 5.0 METROS<\/p>\n<p>CONTIENE: CABLE ADAPTADOR USB &#8211; CD &#8211; MANUAL<\/p>\n<p>C\u00d3DIGO: 054434<\/p>\n<p>&nbsp;<\/p>\n<p>&nbsp;<\/p>\n","protected":false},"excerpt":{"rendered":"<p>C\u00c1MARA CARACTER\u00cdSTICAS: APLICACI\u00d3N: C\u00c1MARA ENDOSC\u00d3PICA TIPO: USB 2.0, 6 LED, 7.0 MM RESOLUCI\u00d3N: HD: 640*480, 1280*720 (PC) SOPORTE:\u00a0ANDROID Y PC LARGO: 5.0 METROS CONTIENE: CABLE ADAPTADOR USB &#8211; CD &#8211; MANUAL C\u00d3DIGO: 054434 &nbsp; &nbsp;<\/p>\n","protected":false},"featured_media":0,"comment_status":"open","ping_status":"closed","template":"","meta":[],"_links":{"self":[{"href":"https:\/\/casabravo.cl\/index.php?rest_route=\/wp\/v2\/product\/5047"}],"collection":[{"href":"https:\/\/casabravo.cl\/index.php?rest_route=\/wp\/v2\/product"}],"about":[{"href":"https:\/\/casabravo.cl\/index.php?rest_route=\/wp\/v2\/types\/product"}],"replies":[{"embeddable":true,"href":"https:\/\/casabravo.cl\/index.php?rest_route=%2Fwp%2Fv2%2Fcomments&post=5047"}],"wp:attachment":[{"href":"https:\/\/casabravo.cl\/index.php?rest_route=%2Fwp%2Fv2%2Fmedia&parent=5047"}],"curies":[{"name":"wp","href":"https:\/\/api.w.org\/{rel}","templated":true}]}}