{"id":4996,"date":"2020-08-26T16:22:49","date_gmt":"2020-08-26T16:22:49","guid":{"rendered":"http:\/\/casabravo.cl\/?post_type=product&#038;p=4996"},"modified":"2020-10-21T19:01:29","modified_gmt":"2020-10-21T19:01:29","slug":"gamepad-inalambrico","status":"publish","type":"product","link":"https:\/\/casabravo.cl\/?product=gamepad-inalambrico","title":{"rendered":"GAMEPAD INAL\u00c1MBRICO"},"content":{"rendered":"<p>JOYPAD<\/p>\n<p><strong>CARACTER\u00cdSTICAS:<\/strong><\/p>\n<p>APLICACI\u00d3N: COMANDO RGB<\/p>\n<p>TIPO: INAL\u00c1MBRICO,\u00a0 10 METROS ALCANCE<\/p>\n<p>COMPATIBLE: PS2\/PS3\/PC\/ANDROID TV\/BOX\/ANDROID TV SET<\/p>\n<p>CONTENIDO: CD INSTALACI\u00d3N &#8211; NANO RECEPTOR<\/p>\n<p>FUNCIONES: 8 DIRECCIONES DE MOVIMIENTO, 12 BOTONES<\/p>\n<p>C\u00d3DIGO: 000510<\/p>\n<p>&nbsp;<\/p>\n","protected":false},"excerpt":{"rendered":"<p>JOYPAD CARACTER\u00cdSTICAS: APLICACI\u00d3N: COMANDO RGB TIPO: INAL\u00c1MBRICO,\u00a0 10 METROS ALCANCE COMPATIBLE: PS2\/PS3\/PC\/ANDROID TV\/BOX\/ANDROID TV SET CONTENIDO: CD INSTALACI\u00d3N &#8211; NANO RECEPTOR FUNCIONES: 8 DIRECCIONES DE MOVIMIENTO, 12 BOTONES C\u00d3DIGO: 000510 &nbsp;<\/p>\n","protected":false},"featured_media":4997,"comment_status":"open","ping_status":"closed","template":"","meta":[],"_links":{"self":[{"href":"https:\/\/casabravo.cl\/index.php?rest_route=\/wp\/v2\/product\/4996"}],"collection":[{"href":"https:\/\/casabravo.cl\/index.php?rest_route=\/wp\/v2\/product"}],"about":[{"href":"https:\/\/casabravo.cl\/index.php?rest_route=\/wp\/v2\/types\/product"}],"replies":[{"embeddable":true,"href":"https:\/\/casabravo.cl\/index.php?rest_route=%2Fwp%2Fv2%2Fcomments&post=4996"}],"wp:featuredmedia":[{"embeddable":true,"href":"https:\/\/casabravo.cl\/index.php?rest_route=\/wp\/v2\/media\/4997"}],"wp:attachment":[{"href":"https:\/\/casabravo.cl\/index.php?rest_route=%2Fwp%2Fv2%2Fmedia&parent=4996"}],"curies":[{"name":"wp","href":"https:\/\/api.w.org\/{rel}","templated":true}]}}