{"id":4912,"date":"2020-06-24T17:01:55","date_gmt":"2020-06-24T17:01:55","guid":{"rendered":"http:\/\/casabravo.cl\/?post_type=product&#038;p=4912"},"modified":"2024-08-01T06:50:33","modified_gmt":"2024-08-01T06:50:33","slug":"ampolleta-decorativa-filamentos-4-watts-2","status":"publish","type":"product","link":"https:\/\/casabravo.cl\/?product=ampolleta-decorativa-filamentos-4-watts-2","title":{"rendered":"AMPOLLETA LED VINTAGE FILAMENTOS 4 WATTS"},"content":{"rendered":"<p>AMPOLLETA<\/p>\n<p><strong>CARACTER\u00cdSTICAS:<\/strong><\/p>\n<p>APLICACI\u00d3N: AMPOLLETA LED DECORATIVA<\/p>\n<p>TIPO: FILAMENTOS G45<\/p>\n<p>POTENCIA: 4 WATTS<\/p>\n<p>LUMINOSIDAD: LUZ C\u00c1LIDA (2700K)<\/p>\n<p>TAMA\u00d1O: PEQUE\u00d1A<\/p>\n<p>SOQUETE: E 27<\/p>\n<p>C\u00d3DIGO: 001126<\/p>\n<p>&nbsp;<\/p>\n","protected":false},"excerpt":{"rendered":"<p>AMPOLLETA CARACTER\u00cdSTICAS: APLICACI\u00d3N: AMPOLLETA LED DECORATIVA TIPO: FILAMENTOS G45 POTENCIA: 4 WATTS LUMINOSIDAD: LUZ C\u00c1LIDA (2700K) TAMA\u00d1O: PEQUE\u00d1A SOQUETE: E 27 C\u00d3DIGO: 001126 &nbsp;<\/p>\n","protected":false},"featured_media":4913,"comment_status":"open","ping_status":"closed","template":"","meta":[],"_links":{"self":[{"href":"https:\/\/casabravo.cl\/index.php?rest_route=\/wp\/v2\/product\/4912"}],"collection":[{"href":"https:\/\/casabravo.cl\/index.php?rest_route=\/wp\/v2\/product"}],"about":[{"href":"https:\/\/casabravo.cl\/index.php?rest_route=\/wp\/v2\/types\/product"}],"replies":[{"embeddable":true,"href":"https:\/\/casabravo.cl\/index.php?rest_route=%2Fwp%2Fv2%2Fcomments&post=4912"}],"wp:featuredmedia":[{"embeddable":true,"href":"https:\/\/casabravo.cl\/index.php?rest_route=\/wp\/v2\/media\/4913"}],"wp:attachment":[{"href":"https:\/\/casabravo.cl\/index.php?rest_route=%2Fwp%2Fv2%2Fmedia&parent=4912"}],"curies":[{"name":"wp","href":"https:\/\/api.w.org\/{rel}","templated":true}]}}