{"id":4833,"date":"2020-06-04T17:42:59","date_gmt":"2020-06-04T17:42:59","guid":{"rendered":"http:\/\/casabravo.cl\/?post_type=product&#038;p=4833"},"modified":"2020-10-08T13:13:43","modified_gmt":"2020-10-08T13:13:43","slug":"microfono-flexible","status":"publish","type":"product","link":"https:\/\/casabravo.cl\/?product=microfono-flexible","title":{"rendered":"MICR\u00d3FONO FLEXIBLE"},"content":{"rendered":"<p>MICR\u00d3FONO<\/p>\n<p><strong>CARACTER\u00cdSTICAS:<\/strong><\/p>\n<p>APLICACI\u00d3N: MICR\u00d3FONO PARA NOTEBOOK<\/p>\n<p>TIPO: FLEXIBLE<\/p>\n<p>ENTRADA: PLUG 3.5 MM<\/p>\n<p>C\u00d3DIGO: 000503<\/p>\n<p>&nbsp;<\/p>\n","protected":false},"excerpt":{"rendered":"<p>MICR\u00d3FONO CARACTER\u00cdSTICAS: APLICACI\u00d3N: MICR\u00d3FONO PARA NOTEBOOK TIPO: FLEXIBLE ENTRADA: PLUG 3.5 MM C\u00d3DIGO: 000503 &nbsp;<\/p>\n","protected":false},"featured_media":0,"comment_status":"open","ping_status":"closed","template":"","meta":[],"_links":{"self":[{"href":"https:\/\/casabravo.cl\/index.php?rest_route=\/wp\/v2\/product\/4833"}],"collection":[{"href":"https:\/\/casabravo.cl\/index.php?rest_route=\/wp\/v2\/product"}],"about":[{"href":"https:\/\/casabravo.cl\/index.php?rest_route=\/wp\/v2\/types\/product"}],"replies":[{"embeddable":true,"href":"https:\/\/casabravo.cl\/index.php?rest_route=%2Fwp%2Fv2%2Fcomments&post=4833"}],"wp:attachment":[{"href":"https:\/\/casabravo.cl\/index.php?rest_route=%2Fwp%2Fv2%2Fmedia&parent=4833"}],"curies":[{"name":"wp","href":"https:\/\/api.w.org\/{rel}","templated":true}]}}