{"id":4821,"date":"2020-06-04T17:10:55","date_gmt":"2020-06-04T17:10:55","guid":{"rendered":"http:\/\/casabravo.cl\/?post_type=product&#038;p=4821"},"modified":"2024-05-22T21:25:42","modified_gmt":"2024-05-22T21:25:42","slug":"memoria-microsd-64gb","status":"publish","type":"product","link":"https:\/\/casabravo.cl\/?product=memoria-microsd-64gb","title":{"rendered":"MEMORIA MICROSD 64GB"},"content":{"rendered":"<p>MEMORIA FLASH<\/p>\n<p><strong>CARACTER\u00cdSTICAS:<\/strong><\/p>\n<p>APLICACI\u00d3N: MEMORIA MICRO SD<\/p>\n<p>TIPO: CLASE 10 CON ADAPTADOR<\/p>\n<p>CAPACIDAD: 64GB<\/p>\n<p>MARCA: SANDISK<\/p>\n<p>C\u00d3DIGO: 001513<\/p>\n<p>&nbsp;<\/p>\n","protected":false},"excerpt":{"rendered":"<p>MEMORIA FLASH CARACTER\u00cdSTICAS: APLICACI\u00d3N: MEMORIA MICRO SD TIPO: CLASE 10 CON ADAPTADOR CAPACIDAD: 64GB MARCA: SANDISK C\u00d3DIGO: 001513 &nbsp;<\/p>\n","protected":false},"featured_media":4822,"comment_status":"open","ping_status":"closed","template":"","meta":[],"_links":{"self":[{"href":"https:\/\/casabravo.cl\/index.php?rest_route=\/wp\/v2\/product\/4821"}],"collection":[{"href":"https:\/\/casabravo.cl\/index.php?rest_route=\/wp\/v2\/product"}],"about":[{"href":"https:\/\/casabravo.cl\/index.php?rest_route=\/wp\/v2\/types\/product"}],"replies":[{"embeddable":true,"href":"https:\/\/casabravo.cl\/index.php?rest_route=%2Fwp%2Fv2%2Fcomments&post=4821"}],"wp:featuredmedia":[{"embeddable":true,"href":"https:\/\/casabravo.cl\/index.php?rest_route=\/wp\/v2\/media\/4822"}],"wp:attachment":[{"href":"https:\/\/casabravo.cl\/index.php?rest_route=%2Fwp%2Fv2%2Fmedia&parent=4821"}],"curies":[{"name":"wp","href":"https:\/\/api.w.org\/{rel}","templated":true}]}}