{"id":4818,"date":"2020-06-04T17:08:13","date_gmt":"2020-06-04T17:08:13","guid":{"rendered":"http:\/\/casabravo.cl\/?post_type=product&#038;p=4818"},"modified":"2025-07-30T15:47:12","modified_gmt":"2025-07-30T15:47:12","slug":"memoria-microsd-32gb","status":"publish","type":"product","link":"https:\/\/casabravo.cl\/?product=memoria-microsd-32gb","title":{"rendered":"MEMORIA MICROSD 128GB"},"content":{"rendered":"<p>MEMORIA FLASH<\/p>\n<p><strong>CARACTER\u00cdSTICAS:<\/strong><\/p>\n<p>APLICACI\u00d3N: MEMORIA MICRO SD<\/p>\n<p>TIPO: CLASE 10 CON ADAPTADOR<\/p>\n<p>CAPACIDAD: 128GB<\/p>\n<p>MARCA: KINGSTON<\/p>\n<p>C\u00d3DIGO: 000146<\/p>\n<p>&nbsp;<\/p>\n","protected":false},"excerpt":{"rendered":"<p>MEMORIA FLASH CARACTER\u00cdSTICAS: APLICACI\u00d3N: MEMORIA MICRO SD TIPO: CLASE 10 CON ADAPTADOR CAPACIDAD: 128GB MARCA: KINGSTON C\u00d3DIGO: 000146 &nbsp;<\/p>\n","protected":false},"featured_media":981,"comment_status":"open","ping_status":"closed","template":"","meta":[],"_links":{"self":[{"href":"https:\/\/casabravo.cl\/index.php?rest_route=\/wp\/v2\/product\/4818"}],"collection":[{"href":"https:\/\/casabravo.cl\/index.php?rest_route=\/wp\/v2\/product"}],"about":[{"href":"https:\/\/casabravo.cl\/index.php?rest_route=\/wp\/v2\/types\/product"}],"replies":[{"embeddable":true,"href":"https:\/\/casabravo.cl\/index.php?rest_route=%2Fwp%2Fv2%2Fcomments&post=4818"}],"wp:featuredmedia":[{"embeddable":true,"href":"https:\/\/casabravo.cl\/index.php?rest_route=\/wp\/v2\/media\/981"}],"wp:attachment":[{"href":"https:\/\/casabravo.cl\/index.php?rest_route=%2Fwp%2Fv2%2Fmedia&parent=4818"}],"curies":[{"name":"wp","href":"https:\/\/api.w.org\/{rel}","templated":true}]}}