{"id":4490,"date":"2019-11-21T19:51:02","date_gmt":"2019-11-21T19:51:02","guid":{"rendered":"http:\/\/casabravo.cl\/?post_type=product&#038;p=4490"},"modified":"2019-11-21T19:51:40","modified_gmt":"2019-11-21T19:51:40","slug":"toner-alternativo-para-hp-lh-cf226a","status":"publish","type":"product","link":"https:\/\/casabravo.cl\/?product=toner-alternativo-para-hp-lh-cf226a","title":{"rendered":"TONER ALTERNATIVO PARA HP LH-CF226A"},"content":{"rendered":"<p>TONER ALTERNATIVO<\/p>\n<p><strong>CARACTER\u00cdSTICAS:<\/strong><\/p>\n<p>APLICACI\u00d3N: TONER PARA IMPRESORA L\u00c1SER HP<\/p>\n<p>TIPO: ALTERNATIVO<\/p>\n<p>MODELO IMPRESORA: PRO M402n\/M402dn\/M402dw\/MFP M426fdw\/MFP M426fdn<\/p>\n<p>IMPRESIONES: 3.100 P\u00c1GINAS<\/p>\n<p>C\u00d3DIGO F\u00c1BRICA: LH-CF226A<\/p>\n<p>C\u00d3DIGO: 001950<\/p>\n","protected":false},"excerpt":{"rendered":"<p>TONER ALTERNATIVO CARACTER\u00cdSTICAS: APLICACI\u00d3N: TONER PARA IMPRESORA L\u00c1SER HP TIPO: ALTERNATIVO MODELO IMPRESORA: PRO M402n\/M402dn\/M402dw\/MFP M426fdw\/MFP M426fdn IMPRESIONES: 3.100 P\u00c1GINAS C\u00d3DIGO F\u00c1BRICA: LH-CF226A C\u00d3DIGO: 001950<\/p>\n","protected":false},"featured_media":2195,"comment_status":"open","ping_status":"closed","template":"","meta":[],"_links":{"self":[{"href":"https:\/\/casabravo.cl\/index.php?rest_route=\/wp\/v2\/product\/4490"}],"collection":[{"href":"https:\/\/casabravo.cl\/index.php?rest_route=\/wp\/v2\/product"}],"about":[{"href":"https:\/\/casabravo.cl\/index.php?rest_route=\/wp\/v2\/types\/product"}],"replies":[{"embeddable":true,"href":"https:\/\/casabravo.cl\/index.php?rest_route=%2Fwp%2Fv2%2Fcomments&post=4490"}],"wp:featuredmedia":[{"embeddable":true,"href":"https:\/\/casabravo.cl\/index.php?rest_route=\/wp\/v2\/media\/2195"}],"wp:attachment":[{"href":"https:\/\/casabravo.cl\/index.php?rest_route=%2Fwp%2Fv2%2Fmedia&parent=4490"}],"curies":[{"name":"wp","href":"https:\/\/api.w.org\/{rel}","templated":true}]}}