{"id":4392,"date":"2019-06-17T16:49:57","date_gmt":"2019-06-17T16:49:57","guid":{"rendered":"http:\/\/casabravo.cl\/?post_type=product&#038;p=4392"},"modified":"2022-05-19T22:25:30","modified_gmt":"2022-05-19T22:25:30","slug":"kit-solar-con-control-remoto-60-watts","status":"publish","type":"product","link":"https:\/\/casabravo.cl\/?product=kit-solar-con-control-remoto-60-watts","title":{"rendered":"KIT SOLAR CON CONTROL REMOTO 60 WATTS"},"content":{"rendered":"<p>KIT LUMINARIA SOLAR<\/p>\n<p><strong>CARACTER\u00cdSTICAS:<\/strong><\/p>\n<p>APLICACI\u00d3N: PROYECTOR SOLAR 60 WATTS<\/p>\n<p>TIPO: CON CONTROL REMOTO &#8211; IP65<\/p>\n<p>OPCI\u00d3N ENCENDIDO: 3 HORAS &#8211; 5 HORAS &#8211; 8 HORAS<\/p>\n<p>LUMINOSIDAD: 1.375\u00a0 L\u00daMENES<\/p>\n<p>BATER\u00cdA: INCLUYE 4 BATER\u00cdA 6.4V\/10AH Y 5.0 METROS DE CABLE<\/p>\n<p>DIMENSIONES DE PANEL: 350*350*17 MM<\/p>\n<p>DURACI\u00d3N DE ENCENDIDO: 12 HORAS<\/p>\n<p>TIEMPO DE CARGA: 4 HORAS<\/p>\n<p>VIDA \u00daTIL BATER\u00cdA: 3-5 A\u00d1OS<\/p>\n<p>COLOR: LUZ BLANCA FR\u00cdA<\/p>\n<p>C\u00d3DIGO: 001474<\/p>\n","protected":false},"excerpt":{"rendered":"<p>KIT LUMINARIA SOLAR CARACTER\u00cdSTICAS: APLICACI\u00d3N: PROYECTOR SOLAR 60 WATTS TIPO: CON CONTROL REMOTO &#8211; IP65 OPCI\u00d3N ENCENDIDO: 3 HORAS &#8211; 5 HORAS &#8211; 8 HORAS LUMINOSIDAD: 1.375\u00a0 L\u00daMENES BATER\u00cdA: INCLUYE 4 BATER\u00cdA 6.4V\/10AH Y 5.0 METROS DE CABLE DIMENSIONES DE PANEL: 350*350*17 MM DURACI\u00d3N DE ENCENDIDO: 12 HORAS TIEMPO DE CARGA: 4 HORAS VIDA \u00daTIL &hellip;<\/p>\n<p class=\"read-more\"> <a class=\"\" href=\"https:\/\/casabravo.cl\/?product=kit-solar-con-control-remoto-60-watts\"> <span class=\"screen-reader-text\">KIT SOLAR CON CONTROL REMOTO 60 WATTS<\/span> Leer m\u00e1s &raquo;<\/a><\/p>\n","protected":false},"featured_media":4393,"comment_status":"open","ping_status":"closed","template":"","meta":[],"_links":{"self":[{"href":"https:\/\/casabravo.cl\/index.php?rest_route=\/wp\/v2\/product\/4392"}],"collection":[{"href":"https:\/\/casabravo.cl\/index.php?rest_route=\/wp\/v2\/product"}],"about":[{"href":"https:\/\/casabravo.cl\/index.php?rest_route=\/wp\/v2\/types\/product"}],"replies":[{"embeddable":true,"href":"https:\/\/casabravo.cl\/index.php?rest_route=%2Fwp%2Fv2%2Fcomments&post=4392"}],"wp:featuredmedia":[{"embeddable":true,"href":"https:\/\/casabravo.cl\/index.php?rest_route=\/wp\/v2\/media\/4393"}],"wp:attachment":[{"href":"https:\/\/casabravo.cl\/index.php?rest_route=%2Fwp%2Fv2%2Fmedia&parent=4392"}],"curies":[{"name":"wp","href":"https:\/\/api.w.org\/{rel}","templated":true}]}}