{"id":3942,"date":"2019-02-01T22:17:21","date_gmt":"2019-02-01T22:17:21","guid":{"rendered":"http:\/\/casabravo.cl\/?post_type=product&#038;p=3942"},"modified":"2020-09-04T14:40:26","modified_gmt":"2020-09-04T14:40:26","slug":"cable-poder-nacional-1-8-metros","status":"publish","type":"product","link":"https:\/\/casabravo.cl\/?product=cable-poder-nacional-1-8-metros","title":{"rendered":"CABLE PODER NACIONAL 1.8 METROS"},"content":{"rendered":"<p>CABLE<\/p>\n<p>CARACTER\u00cdSTICAS:<\/p>\n<p>APLICACI\u00d3N: CABLE CARGA<\/p>\n<p>TIPO: PODER NACIONAL<\/p>\n<p>LARGO: 1.8 METROS<\/p>\n<p>C\u00d3DIGO: 000437<\/p>\n","protected":false},"excerpt":{"rendered":"<p>CABLE CARACTER\u00cdSTICAS: APLICACI\u00d3N: CABLE CARGA TIPO: PODER NACIONAL LARGO: 1.8 METROS C\u00d3DIGO: 000437<\/p>\n","protected":false},"featured_media":3943,"comment_status":"open","ping_status":"closed","template":"","meta":[],"_links":{"self":[{"href":"https:\/\/casabravo.cl\/index.php?rest_route=\/wp\/v2\/product\/3942"}],"collection":[{"href":"https:\/\/casabravo.cl\/index.php?rest_route=\/wp\/v2\/product"}],"about":[{"href":"https:\/\/casabravo.cl\/index.php?rest_route=\/wp\/v2\/types\/product"}],"replies":[{"embeddable":true,"href":"https:\/\/casabravo.cl\/index.php?rest_route=%2Fwp%2Fv2%2Fcomments&post=3942"}],"wp:featuredmedia":[{"embeddable":true,"href":"https:\/\/casabravo.cl\/index.php?rest_route=\/wp\/v2\/media\/3943"}],"wp:attachment":[{"href":"https:\/\/casabravo.cl\/index.php?rest_route=%2Fwp%2Fv2%2Fmedia&parent=3942"}],"curies":[{"name":"wp","href":"https:\/\/api.w.org\/{rel}","templated":true}]}}