{"id":3854,"date":"2019-01-28T22:46:24","date_gmt":"2019-01-28T22:46:24","guid":{"rendered":"http:\/\/casabravo.cl\/?post_type=product&#038;p=3854"},"modified":"2019-01-29T14:44:33","modified_gmt":"2019-01-29T14:44:33","slug":"tubo-led-t8-nanoplastic-luz-negra-18-watts","status":"publish","type":"product","link":"https:\/\/casabravo.cl\/?product=tubo-led-t8-nanoplastic-luz-negra-18-watts","title":{"rendered":"TUBO LED T8 NANOPLASTIC LUZ NEGRA 18 WATTS"},"content":{"rendered":"<p>TUBO LED<\/p>\n<p><strong>CARACTER\u00cdSTICAS:<\/strong><\/p>\n<p>APLICACI\u00d3N: TUBO LED LUZ NEGRA 18 WATTS<\/p>\n<p>TIPO: NANOPLASTIC<\/p>\n<p>COLOR: BLUE<\/p>\n<p>TAMA\u00d1O: 120 CMS.<\/p>\n<p>C\u00d3DIGO: 000908<\/p>\n<p>&nbsp;<\/p>\n<p>&nbsp;<\/p>\n","protected":false},"excerpt":{"rendered":"<p>TUBO LED CARACTER\u00cdSTICAS: APLICACI\u00d3N: TUBO LED LUZ NEGRA 18 WATTS TIPO: NANOPLASTIC COLOR: BLUE TAMA\u00d1O: 120 CMS. C\u00d3DIGO: 000908 &nbsp; &nbsp;<\/p>\n","protected":false},"featured_media":3851,"comment_status":"open","ping_status":"closed","template":"","meta":[],"_links":{"self":[{"href":"https:\/\/casabravo.cl\/index.php?rest_route=\/wp\/v2\/product\/3854"}],"collection":[{"href":"https:\/\/casabravo.cl\/index.php?rest_route=\/wp\/v2\/product"}],"about":[{"href":"https:\/\/casabravo.cl\/index.php?rest_route=\/wp\/v2\/types\/product"}],"replies":[{"embeddable":true,"href":"https:\/\/casabravo.cl\/index.php?rest_route=%2Fwp%2Fv2%2Fcomments&post=3854"}],"wp:featuredmedia":[{"embeddable":true,"href":"https:\/\/casabravo.cl\/index.php?rest_route=\/wp\/v2\/media\/3851"}],"wp:attachment":[{"href":"https:\/\/casabravo.cl\/index.php?rest_route=%2Fwp%2Fv2%2Fmedia&parent=3854"}],"curies":[{"name":"wp","href":"https:\/\/api.w.org\/{rel}","templated":true}]}}