{"id":3663,"date":"2019-01-18T19:41:18","date_gmt":"2019-01-18T19:41:18","guid":{"rendered":"http:\/\/casabravo.cl\/?post_type=product&#038;p=3663"},"modified":"2021-07-26T15:31:27","modified_gmt":"2021-07-26T15:31:27","slug":"foco-led-recargable-10w-portatil-cw-10000-hrs","status":"publish","type":"product","link":"https:\/\/casabravo.cl\/?product=foco-led-recargable-10w-portatil-cw-10000-hrs","title":{"rendered":"FOCO LED RECARGABLE 10W PORT\u00c1TIL"},"content":{"rendered":"<p>FOCO<\/p>\n<p><strong>CARECTER\u00cdSTICAS:<\/strong><\/p>\n<p>APLICACI\u00d3N: FOCO LED PORT\u00c1TIL<\/p>\n<p>TIPO: RECARGABLE AUTO Y CORRIENTE<\/p>\n<p>CAPACIDAD: 10W<\/p>\n<p>LUMINOSIDAD: LUZ FR\u00cdA (IP65)<\/p>\n<p>C\u00d3DIGO: 054458<\/p>\n<p>&nbsp;<\/p>\n","protected":false},"excerpt":{"rendered":"<p>FOCO CARECTER\u00cdSTICAS: APLICACI\u00d3N: FOCO LED PORT\u00c1TIL TIPO: RECARGABLE AUTO Y CORRIENTE CAPACIDAD: 10W LUMINOSIDAD: LUZ FR\u00cdA (IP65) C\u00d3DIGO: 054458 &nbsp;<\/p>\n","protected":false},"featured_media":3664,"comment_status":"open","ping_status":"closed","template":"","meta":[],"_links":{"self":[{"href":"https:\/\/casabravo.cl\/index.php?rest_route=\/wp\/v2\/product\/3663"}],"collection":[{"href":"https:\/\/casabravo.cl\/index.php?rest_route=\/wp\/v2\/product"}],"about":[{"href":"https:\/\/casabravo.cl\/index.php?rest_route=\/wp\/v2\/types\/product"}],"replies":[{"embeddable":true,"href":"https:\/\/casabravo.cl\/index.php?rest_route=%2Fwp%2Fv2%2Fcomments&post=3663"}],"wp:featuredmedia":[{"embeddable":true,"href":"https:\/\/casabravo.cl\/index.php?rest_route=\/wp\/v2\/media\/3664"}],"wp:attachment":[{"href":"https:\/\/casabravo.cl\/index.php?rest_route=%2Fwp%2Fv2%2Fmedia&parent=3663"}],"curies":[{"name":"wp","href":"https:\/\/api.w.org\/{rel}","templated":true}]}}