{"id":3652,"date":"2019-01-18T18:57:47","date_gmt":"2019-01-18T18:57:47","guid":{"rendered":"http:\/\/casabravo.cl\/?post_type=product&#038;p=3652"},"modified":"2025-04-24T21:06:54","modified_gmt":"2025-04-24T21:06:54","slug":"foco-led-recargable-20w-cw-10000-hrs","status":"publish","type":"product","link":"https:\/\/casabravo.cl\/?product=foco-led-recargable-20w-cw-10000-hrs","title":{"rendered":"FOCO LED RECARGABLE 20W PORT\u00c1TIL"},"content":{"rendered":"<p>FOCO<\/p>\n<p><strong>CARACTER\u00cdSTICAS:<\/strong><\/p>\n<p>APLICACI\u00d3N: FOCO LED\u00a0 PORT\u00c1TIL<\/p>\n<p>TIPO: RECARGABLE AUTO Y CORRIENTE<\/p>\n<p>CAPACIDAD: 20 WATTS<\/p>\n<p>ILUMINACI\u00d3N: LUZ FR\u00cdA (IP 65)<\/p>\n<p>C\u00d3DIGO: 054459<\/p>\n<p>&nbsp;<\/p>\n","protected":false},"excerpt":{"rendered":"<p>FOCO CARACTER\u00cdSTICAS: APLICACI\u00d3N: FOCO LED\u00a0 PORT\u00c1TIL TIPO: RECARGABLE AUTO Y CORRIENTE CAPACIDAD: 20 WATTS ILUMINACI\u00d3N: LUZ FR\u00cdA (IP 65) C\u00d3DIGO: 054459 &nbsp;<\/p>\n","protected":false},"featured_media":3661,"comment_status":"open","ping_status":"closed","template":"","meta":[],"_links":{"self":[{"href":"https:\/\/casabravo.cl\/index.php?rest_route=\/wp\/v2\/product\/3652"}],"collection":[{"href":"https:\/\/casabravo.cl\/index.php?rest_route=\/wp\/v2\/product"}],"about":[{"href":"https:\/\/casabravo.cl\/index.php?rest_route=\/wp\/v2\/types\/product"}],"replies":[{"embeddable":true,"href":"https:\/\/casabravo.cl\/index.php?rest_route=%2Fwp%2Fv2%2Fcomments&post=3652"}],"wp:featuredmedia":[{"embeddable":true,"href":"https:\/\/casabravo.cl\/index.php?rest_route=\/wp\/v2\/media\/3661"}],"wp:attachment":[{"href":"https:\/\/casabravo.cl\/index.php?rest_route=%2Fwp%2Fv2%2Fmedia&parent=3652"}],"curies":[{"name":"wp","href":"https:\/\/api.w.org\/{rel}","templated":true}]}}