{"id":3587,"date":"2019-01-17T19:23:13","date_gmt":"2019-01-17T19:23:13","guid":{"rendered":"http:\/\/casabravo.cl\/?post_type=product&#038;p=3587"},"modified":"2020-12-19T16:52:05","modified_gmt":"2020-12-19T16:52:05","slug":"parlante-recargable-model-m-u66-mp3-usb-msd","status":"publish","type":"product","link":"https:\/\/casabravo.cl\/?product=parlante-recargable-model-m-u66-mp3-usb-msd","title":{"rendered":"PARLANTE RECARGABLE"},"content":{"rendered":"<p>PARLANTE<\/p>\n<p><strong>CARACTER\u00cdSTICAS:<\/strong><\/p>\n<p>APLICACI\u00d3N: PARLANTE RECARGABLE<\/p>\n<p>TIPO: FM + ENTRADA USB + ENTRADA MSD +AUXILIAR<\/p>\n<p>CON CORREA PARA COLGAR<\/p>\n<p>C\u00d3DIGO: 000250<\/p>\n","protected":false},"excerpt":{"rendered":"<p>PARLANTE CARACTER\u00cdSTICAS: APLICACI\u00d3N: PARLANTE RECARGABLE TIPO: FM + ENTRADA USB + ENTRADA MSD +AUXILIAR CON CORREA PARA COLGAR C\u00d3DIGO: 000250<\/p>\n","protected":false},"featured_media":3596,"comment_status":"open","ping_status":"closed","template":"","meta":[],"_links":{"self":[{"href":"https:\/\/casabravo.cl\/index.php?rest_route=\/wp\/v2\/product\/3587"}],"collection":[{"href":"https:\/\/casabravo.cl\/index.php?rest_route=\/wp\/v2\/product"}],"about":[{"href":"https:\/\/casabravo.cl\/index.php?rest_route=\/wp\/v2\/types\/product"}],"replies":[{"embeddable":true,"href":"https:\/\/casabravo.cl\/index.php?rest_route=%2Fwp%2Fv2%2Fcomments&post=3587"}],"wp:featuredmedia":[{"embeddable":true,"href":"https:\/\/casabravo.cl\/index.php?rest_route=\/wp\/v2\/media\/3596"}],"wp:attachment":[{"href":"https:\/\/casabravo.cl\/index.php?rest_route=%2Fwp%2Fv2%2Fmedia&parent=3587"}],"curies":[{"name":"wp","href":"https:\/\/api.w.org\/{rel}","templated":true}]}}