{"id":3554,"date":"2019-01-17T14:01:40","date_gmt":"2019-01-17T14:01:40","guid":{"rendered":"http:\/\/casabravo.cl\/?post_type=product&#038;p=3554"},"modified":"2021-03-18T21:23:10","modified_gmt":"2021-03-18T21:23:10","slug":"audifono-plus-3-5-embutido-modelo-ip330","status":"publish","type":"product","link":"https:\/\/casabravo.cl\/?product=audifono-plus-3-5-embutido-modelo-ip330","title":{"rendered":"AUD\u00cdFONO\/MANOS LIBRES"},"content":{"rendered":"<p>AUD\u00cdFONO<\/p>\n<p><strong>CARACTER\u00cdSTICAS:<\/strong><\/p>\n<p>APLICACI\u00d3N: AUD\u00cdFONO EMBUTIDO<\/p>\n<p>TIPO: STEREO MANOS LIBRES<\/p>\n<p>ENTRADA: PLUS 3.5&#8243;<\/p>\n<p>MODELO: IP-330<\/p>\n<p>MARCA: OVLENG<\/p>\n<p>C\u00d3DIGO: 000502<\/p>\n","protected":false},"excerpt":{"rendered":"<p>AUD\u00cdFONO CARACTER\u00cdSTICAS: APLICACI\u00d3N: AUD\u00cdFONO EMBUTIDO TIPO: STEREO MANOS LIBRES ENTRADA: PLUS 3.5&#8243; MODELO: IP-330 MARCA: OVLENG C\u00d3DIGO: 000502<\/p>\n","protected":false},"featured_media":3557,"comment_status":"open","ping_status":"closed","template":"","meta":[],"_links":{"self":[{"href":"https:\/\/casabravo.cl\/index.php?rest_route=\/wp\/v2\/product\/3554"}],"collection":[{"href":"https:\/\/casabravo.cl\/index.php?rest_route=\/wp\/v2\/product"}],"about":[{"href":"https:\/\/casabravo.cl\/index.php?rest_route=\/wp\/v2\/types\/product"}],"replies":[{"embeddable":true,"href":"https:\/\/casabravo.cl\/index.php?rest_route=%2Fwp%2Fv2%2Fcomments&post=3554"}],"wp:featuredmedia":[{"embeddable":true,"href":"https:\/\/casabravo.cl\/index.php?rest_route=\/wp\/v2\/media\/3557"}],"wp:attachment":[{"href":"https:\/\/casabravo.cl\/index.php?rest_route=%2Fwp%2Fv2%2Fmedia&parent=3554"}],"curies":[{"name":"wp","href":"https:\/\/api.w.org\/{rel}","templated":true}]}}