{"id":352,"date":"2016-05-11T15:31:47","date_gmt":"2016-05-11T15:31:47","guid":{"rendered":"http:\/\/casabravo.cl\/?post_type=product&#038;p=352"},"modified":"2025-07-29T22:31:09","modified_gmt":"2025-07-29T22:31:09","slug":"tarjeta-video-msi-1024mb-ddr3","status":"publish","type":"product","link":"https:\/\/casabravo.cl\/?product=tarjeta-video-msi-1024mb-ddr3","title":{"rendered":"TARJETA VIDEO MSI 1GB DDR3"},"content":{"rendered":"<p>TARJETA VIDEO<\/p>\n<p><strong>CARACTER\u00cdSTICAS:<\/strong><\/p>\n<p>APLICACI\u00d3N: TARJETA V\u00cdDEO VGA\/HDMI\/DVI<\/p>\n<p>TIPO: DDR3<\/p>\n<p>CAPACIDAD: 1 GB<\/p>\n<p>MODELO:\u00a0GEFORCE 210<\/p>\n<p>MARCA:\u00a0NVIDIA<\/p>\n<p>C\u00d3DIGO: 000936<\/p>\n","protected":false},"excerpt":{"rendered":"<p>TARJETA VIDEO CARACTER\u00cdSTICAS: APLICACI\u00d3N: TARJETA V\u00cdDEO VGA\/HDMI\/DVI TIPO: DDR3 CAPACIDAD: 1 GB MODELO:\u00a0GEFORCE 210 MARCA:\u00a0NVIDIA C\u00d3DIGO: 000936<\/p>\n","protected":false},"featured_media":0,"comment_status":"open","ping_status":"closed","template":"","meta":[],"_links":{"self":[{"href":"https:\/\/casabravo.cl\/index.php?rest_route=\/wp\/v2\/product\/352"}],"collection":[{"href":"https:\/\/casabravo.cl\/index.php?rest_route=\/wp\/v2\/product"}],"about":[{"href":"https:\/\/casabravo.cl\/index.php?rest_route=\/wp\/v2\/types\/product"}],"replies":[{"embeddable":true,"href":"https:\/\/casabravo.cl\/index.php?rest_route=%2Fwp%2Fv2%2Fcomments&post=352"}],"wp:attachment":[{"href":"https:\/\/casabravo.cl\/index.php?rest_route=%2Fwp%2Fv2%2Fmedia&parent=352"}],"curies":[{"name":"wp","href":"https:\/\/api.w.org\/{rel}","templated":true}]}}