{"id":3443,"date":"2019-01-14T15:12:03","date_gmt":"2019-01-14T15:12:03","guid":{"rendered":"http:\/\/casabravo.cl\/?post_type=product&#038;p=3443"},"modified":"2019-11-21T19:53:06","modified_gmt":"2019-11-21T19:53:06","slug":"toner-alter-para-hp-pro-m102w-m102a-mfp-m130fn-mfp-m130fw","status":"publish","type":"product","link":"https:\/\/casabravo.cl\/?product=toner-alter-para-hp-pro-m102w-m102a-mfp-m130fn-mfp-m130fw","title":{"rendered":"TONER ALTERNATIVO PARA HP CF217A"},"content":{"rendered":"<p>TONER ALTERNATIVO<\/p>\n<p><strong>CARACTER\u00cdSTICAS:<\/strong><\/p>\n<p>APLICACI\u00d3N: PARA IMPRESORA L\u00c1SER\u00a0 HP<\/p>\n<p>TIPO: ALTERNATIVO<\/p>\n<p>MODELO IMPRESORA: PRO M102w\/M102a\/MFP M130fn\/MFP M130fw<\/p>\n<p>IMPRESIONES: 1.600 P\u00c1GINAS<\/p>\n<p>C\u00d3DIGO F\u00c1BRICA: CF217 A<\/p>\n<p>C\u00d3DIGO: 001781<\/p>\n<p>&nbsp;<\/p>\n","protected":false},"excerpt":{"rendered":"<p>TONER ALTERNATIVO CARACTER\u00cdSTICAS: APLICACI\u00d3N: PARA IMPRESORA L\u00c1SER\u00a0 HP TIPO: ALTERNATIVO MODELO IMPRESORA: PRO M102w\/M102a\/MFP M130fn\/MFP M130fw IMPRESIONES: 1.600 P\u00c1GINAS C\u00d3DIGO F\u00c1BRICA: CF217 A C\u00d3DIGO: 001781 &nbsp;<\/p>\n","protected":false},"featured_media":2195,"comment_status":"open","ping_status":"closed","template":"","meta":[],"_links":{"self":[{"href":"https:\/\/casabravo.cl\/index.php?rest_route=\/wp\/v2\/product\/3443"}],"collection":[{"href":"https:\/\/casabravo.cl\/index.php?rest_route=\/wp\/v2\/product"}],"about":[{"href":"https:\/\/casabravo.cl\/index.php?rest_route=\/wp\/v2\/types\/product"}],"replies":[{"embeddable":true,"href":"https:\/\/casabravo.cl\/index.php?rest_route=%2Fwp%2Fv2%2Fcomments&post=3443"}],"wp:featuredmedia":[{"embeddable":true,"href":"https:\/\/casabravo.cl\/index.php?rest_route=\/wp\/v2\/media\/2195"}],"wp:attachment":[{"href":"https:\/\/casabravo.cl\/index.php?rest_route=%2Fwp%2Fv2%2Fmedia&parent=3443"}],"curies":[{"name":"wp","href":"https:\/\/api.w.org\/{rel}","templated":true}]}}