{"id":3321,"date":"2019-01-10T15:39:12","date_gmt":"2019-01-10T15:39:12","guid":{"rendered":"http:\/\/casabravo.cl\/?post_type=product&#038;p=3321"},"modified":"2019-01-10T18:52:14","modified_gmt":"2019-01-10T18:52:14","slug":"lampara-usb-notebook-flexible","status":"publish","type":"product","link":"https:\/\/casabravo.cl\/?product=lampara-usb-notebook-flexible","title":{"rendered":"L\u00c1MPARA FLEXIBLE USB 2.0"},"content":{"rendered":"<p>L\u00c1MPARA<\/p>\n<p><strong>CARACTER\u00cdSTICAS:<\/strong><\/p>\n<p>APLICACI\u00d3N: L\u00c1MPARA USB 2.0 PARA NOTEBOOK<\/p>\n<p>TIPO: FLEXIBLE<\/p>\n<p>C\u00d3DIGO: 00126<\/p>\n<p>&nbsp;<\/p>\n","protected":false},"excerpt":{"rendered":"<p>L\u00c1MPARA CARACTER\u00cdSTICAS: APLICACI\u00d3N: L\u00c1MPARA USB 2.0 PARA NOTEBOOK TIPO: FLEXIBLE C\u00d3DIGO: 00126 &nbsp;<\/p>\n","protected":false},"featured_media":3323,"comment_status":"open","ping_status":"closed","template":"","meta":[],"_links":{"self":[{"href":"https:\/\/casabravo.cl\/index.php?rest_route=\/wp\/v2\/product\/3321"}],"collection":[{"href":"https:\/\/casabravo.cl\/index.php?rest_route=\/wp\/v2\/product"}],"about":[{"href":"https:\/\/casabravo.cl\/index.php?rest_route=\/wp\/v2\/types\/product"}],"replies":[{"embeddable":true,"href":"https:\/\/casabravo.cl\/index.php?rest_route=%2Fwp%2Fv2%2Fcomments&post=3321"}],"wp:featuredmedia":[{"embeddable":true,"href":"https:\/\/casabravo.cl\/index.php?rest_route=\/wp\/v2\/media\/3323"}],"wp:attachment":[{"href":"https:\/\/casabravo.cl\/index.php?rest_route=%2Fwp%2Fv2%2Fmedia&parent=3321"}],"curies":[{"name":"wp","href":"https:\/\/api.w.org\/{rel}","templated":true}]}}