{"id":3316,"date":"2019-01-10T15:29:07","date_gmt":"2019-01-10T15:29:07","guid":{"rendered":"http:\/\/casabravo.cl\/?post_type=product&#038;p=3316"},"modified":"2019-01-10T22:41:07","modified_gmt":"2019-01-10T22:41:07","slug":"ventilador-con-aspa-usb-transparente","status":"publish","type":"product","link":"https:\/\/casabravo.cl\/?product=ventilador-con-aspa-usb-transparente","title":{"rendered":"VENTILADOR CON ASPA USB"},"content":{"rendered":"<p>VENTILADOR<\/p>\n<p><strong>CARACTER\u00cdSTICAS:<\/strong><\/p>\n<p>APLICACI\u00d3N: VENTILADOR USB<\/p>\n<p>TIPO: CON ASPA TRANSPARENTE<\/p>\n<p>C\u00d3DIGO: 000232<\/p>\n<p>&nbsp;<\/p>\n","protected":false},"excerpt":{"rendered":"<p>VENTILADOR CARACTER\u00cdSTICAS: APLICACI\u00d3N: VENTILADOR USB TIPO: CON ASPA TRANSPARENTE C\u00d3DIGO: 000232 &nbsp;<\/p>\n","protected":false},"featured_media":3335,"comment_status":"open","ping_status":"closed","template":"","meta":[],"_links":{"self":[{"href":"https:\/\/casabravo.cl\/index.php?rest_route=\/wp\/v2\/product\/3316"}],"collection":[{"href":"https:\/\/casabravo.cl\/index.php?rest_route=\/wp\/v2\/product"}],"about":[{"href":"https:\/\/casabravo.cl\/index.php?rest_route=\/wp\/v2\/types\/product"}],"replies":[{"embeddable":true,"href":"https:\/\/casabravo.cl\/index.php?rest_route=%2Fwp%2Fv2%2Fcomments&post=3316"}],"wp:featuredmedia":[{"embeddable":true,"href":"https:\/\/casabravo.cl\/index.php?rest_route=\/wp\/v2\/media\/3335"}],"wp:attachment":[{"href":"https:\/\/casabravo.cl\/index.php?rest_route=%2Fwp%2Fv2%2Fmedia&parent=3316"}],"curies":[{"name":"wp","href":"https:\/\/api.w.org\/{rel}","templated":true}]}}