{"id":3211,"date":"2019-01-08T21:11:15","date_gmt":"2019-01-08T21:11:15","guid":{"rendered":"http:\/\/casabravo.cl\/?post_type=product&#038;p=3211"},"modified":"2022-01-18T20:36:55","modified_gmt":"2022-01-18T20:36:55","slug":"fuente-poder-cctv-12v-2a","status":"publish","type":"product","link":"https:\/\/casabravo.cl\/?product=fuente-poder-cctv-12v-2a","title":{"rendered":"CARGADOR CCTV (FUENTE PODER) 12V 2A"},"content":{"rendered":"<p>CARGADOR<\/p>\n<p><strong>CARACTER\u00cdSTICAS:<\/strong><\/p>\n<p>APLICACI\u00d3N: CARGADOR C\u00c1MARA DE SEGURIDAD<\/p>\n<p>TIPO: FUENTE PODER<\/p>\n<p>POTENCIA: 12V -2A<\/p>\n<p>C\u00d3DIGO: 000778<\/p>\n<p>&nbsp;<\/p>\n","protected":false},"excerpt":{"rendered":"<p>CARGADOR CARACTER\u00cdSTICAS: APLICACI\u00d3N: CARGADOR C\u00c1MARA DE SEGURIDAD TIPO: FUENTE PODER POTENCIA: 12V -2A C\u00d3DIGO: 000778 &nbsp;<\/p>\n","protected":false},"featured_media":3231,"comment_status":"open","ping_status":"closed","template":"","meta":[],"_links":{"self":[{"href":"https:\/\/casabravo.cl\/index.php?rest_route=\/wp\/v2\/product\/3211"}],"collection":[{"href":"https:\/\/casabravo.cl\/index.php?rest_route=\/wp\/v2\/product"}],"about":[{"href":"https:\/\/casabravo.cl\/index.php?rest_route=\/wp\/v2\/types\/product"}],"replies":[{"embeddable":true,"href":"https:\/\/casabravo.cl\/index.php?rest_route=%2Fwp%2Fv2%2Fcomments&post=3211"}],"wp:featuredmedia":[{"embeddable":true,"href":"https:\/\/casabravo.cl\/index.php?rest_route=\/wp\/v2\/media\/3231"}],"wp:attachment":[{"href":"https:\/\/casabravo.cl\/index.php?rest_route=%2Fwp%2Fv2%2Fmedia&parent=3211"}],"curies":[{"name":"wp","href":"https:\/\/api.w.org\/{rel}","templated":true}]}}