{"id":3165,"date":"2019-01-08T13:13:12","date_gmt":"2019-01-08T13:13:12","guid":{"rendered":"http:\/\/casabravo.cl\/?post_type=product&#038;p=3165"},"modified":"2019-01-08T19:41:45","modified_gmt":"2019-01-08T19:41:45","slug":"tinta-yellow-100-ml-botella","status":"publish","type":"product","link":"https:\/\/casabravo.cl\/?product=tinta-yellow-100-ml-botella","title":{"rendered":"TINTA EN BOTELLA 100 ML"},"content":{"rendered":"<p>BOTELLA TINTA<\/p>\n<p><strong>CARACTER\u00cdSTICAS:<\/strong><\/p>\n<p>APLICACI\u00d3N: TINTA PARA IMPRESORA<\/p>\n<p>TIPO: RECARGA<\/p>\n<p>TAMA\u00d1O: BOTELLA 100 ML<\/p>\n<p>COLOR: YELLOW<\/p>\n<p>C\u00d3DIGO: 000644<\/p>\n<p>&nbsp;<\/p>\n","protected":false},"excerpt":{"rendered":"<p>BOTELLA TINTA CARACTER\u00cdSTICAS: APLICACI\u00d3N: TINTA PARA IMPRESORA TIPO: RECARGA TAMA\u00d1O: BOTELLA 100 ML COLOR: YELLOW C\u00d3DIGO: 000644 &nbsp;<\/p>\n","protected":false},"featured_media":0,"comment_status":"open","ping_status":"closed","template":"","meta":[],"_links":{"self":[{"href":"https:\/\/casabravo.cl\/index.php?rest_route=\/wp\/v2\/product\/3165"}],"collection":[{"href":"https:\/\/casabravo.cl\/index.php?rest_route=\/wp\/v2\/product"}],"about":[{"href":"https:\/\/casabravo.cl\/index.php?rest_route=\/wp\/v2\/types\/product"}],"replies":[{"embeddable":true,"href":"https:\/\/casabravo.cl\/index.php?rest_route=%2Fwp%2Fv2%2Fcomments&post=3165"}],"wp:attachment":[{"href":"https:\/\/casabravo.cl\/index.php?rest_route=%2Fwp%2Fv2%2Fmedia&parent=3165"}],"curies":[{"name":"wp","href":"https:\/\/api.w.org\/{rel}","templated":true}]}}