{"id":2999,"date":"2018-12-28T19:42:42","date_gmt":"2018-12-28T19:42:42","guid":{"rendered":"http:\/\/casabravo.cl\/?post_type=product&#038;p=2999"},"modified":"2018-12-28T20:30:15","modified_gmt":"2018-12-28T20:30:15","slug":"cable-usb-adaptador-13cm-hembra-a-cable-5pin","status":"publish","type":"product","link":"https:\/\/casabravo.cl\/?product=cable-usb-adaptador-13cm-hembra-a-cable-5pin","title":{"rendered":"CABLE ADAPTADOR USB HEMBRA A CABLE 5 PINES"},"content":{"rendered":"<p>CABLE USB<\/p>\n<p><strong>CARACTER\u00cdSTICAS:<\/strong><\/p>\n<p>APLICACI\u00d3N: USB 2.0 HEMBRA<\/p>\n<p>TIPO: USB HEMBRA A 5 PINES (MICRO USB)<\/p>\n<p>LARGO: 13 CEMT\u00cdMETROS<\/p>\n<p>C\u00d3DIGO: 000433<\/p>\n<p>&nbsp;<\/p>\n","protected":false},"excerpt":{"rendered":"<p>CABLE USB CARACTER\u00cdSTICAS: APLICACI\u00d3N: USB 2.0 HEMBRA TIPO: USB HEMBRA A 5 PINES (MICRO USB) LARGO: 13 CEMT\u00cdMETROS C\u00d3DIGO: 000433 &nbsp;<\/p>\n","protected":false},"featured_media":3005,"comment_status":"open","ping_status":"closed","template":"","meta":[],"_links":{"self":[{"href":"https:\/\/casabravo.cl\/index.php?rest_route=\/wp\/v2\/product\/2999"}],"collection":[{"href":"https:\/\/casabravo.cl\/index.php?rest_route=\/wp\/v2\/product"}],"about":[{"href":"https:\/\/casabravo.cl\/index.php?rest_route=\/wp\/v2\/types\/product"}],"replies":[{"embeddable":true,"href":"https:\/\/casabravo.cl\/index.php?rest_route=%2Fwp%2Fv2%2Fcomments&post=2999"}],"wp:featuredmedia":[{"embeddable":true,"href":"https:\/\/casabravo.cl\/index.php?rest_route=\/wp\/v2\/media\/3005"}],"wp:attachment":[{"href":"https:\/\/casabravo.cl\/index.php?rest_route=%2Fwp%2Fv2%2Fmedia&parent=2999"}],"curies":[{"name":"wp","href":"https:\/\/api.w.org\/{rel}","templated":true}]}}