{"id":2989,"date":"2018-12-28T19:22:59","date_gmt":"2018-12-28T19:22:59","guid":{"rendered":"http:\/\/casabravo.cl\/?post_type=product&#038;p=2989"},"modified":"2021-03-09T13:45:09","modified_gmt":"2021-03-09T13:45:09","slug":"cable-impresora-usb-5-0-mts-usb-2-0-cobre","status":"publish","type":"product","link":"https:\/\/casabravo.cl\/?product=cable-impresora-usb-5-0-mts-usb-2-0-cobre","title":{"rendered":"CABLE IMPRESORA USB 5.0 METROS"},"content":{"rendered":"<p>CABLE\u00a0 IMPRESORA<\/p>\n<p><strong>CARACTER\u00cdSTICAS:<\/strong><\/p>\n<p>APLICACI\u00d3N: CABLE USB 2.0 BLINDADO<\/p>\n<p>TIPO: USB A IMPRESORA<\/p>\n<p>LARGO: 5.0 METROS<\/p>\n<p>C\u00d3DIGO: 000426<\/p>\n<p>&nbsp;<\/p>\n","protected":false},"excerpt":{"rendered":"<p>CABLE\u00a0 IMPRESORA CARACTER\u00cdSTICAS: APLICACI\u00d3N: CABLE USB 2.0 BLINDADO TIPO: USB A IMPRESORA LARGO: 5.0 METROS C\u00d3DIGO: 000426 &nbsp;<\/p>\n","protected":false},"featured_media":2984,"comment_status":"open","ping_status":"closed","template":"","meta":[],"_links":{"self":[{"href":"https:\/\/casabravo.cl\/index.php?rest_route=\/wp\/v2\/product\/2989"}],"collection":[{"href":"https:\/\/casabravo.cl\/index.php?rest_route=\/wp\/v2\/product"}],"about":[{"href":"https:\/\/casabravo.cl\/index.php?rest_route=\/wp\/v2\/types\/product"}],"replies":[{"embeddable":true,"href":"https:\/\/casabravo.cl\/index.php?rest_route=%2Fwp%2Fv2%2Fcomments&post=2989"}],"wp:featuredmedia":[{"embeddable":true,"href":"https:\/\/casabravo.cl\/index.php?rest_route=\/wp\/v2\/media\/2984"}],"wp:attachment":[{"href":"https:\/\/casabravo.cl\/index.php?rest_route=%2Fwp%2Fv2%2Fmedia&parent=2989"}],"curies":[{"name":"wp","href":"https:\/\/api.w.org\/{rel}","templated":true}]}}