{"id":2963,"date":"2018-12-28T14:26:02","date_gmt":"2018-12-28T14:26:02","guid":{"rendered":"http:\/\/casabravo.cl\/?post_type=product&#038;p=2963"},"modified":"2019-02-04T20:37:13","modified_gmt":"2019-02-04T20:37:13","slug":"cable-usb-h-a-plus-3-5-m-20-cms","status":"publish","type":"product","link":"https:\/\/casabravo.cl\/?product=cable-usb-h-a-plus-3-5-m-20-cms","title":{"rendered":"CABLE USB-HEMBRA A PLUS 3.5"},"content":{"rendered":"<p>CABLE USB<\/p>\n<p><strong>CARACTER\u00cdSTICAS:<\/strong><\/p>\n<p>APLICACI\u00d3N: USB A PLUS<\/p>\n<p>TIPO: USB HEMBRA A PLUS 3.5 mm<\/p>\n<p>LARGO: 20 CENT\u00cdMETROS<\/p>\n<p>C\u00d3DIGO: 000874<\/p>\n<p>&nbsp;<\/p>\n","protected":false},"excerpt":{"rendered":"<p>CABLE USB CARACTER\u00cdSTICAS: APLICACI\u00d3N: USB A PLUS TIPO: USB HEMBRA A PLUS 3.5 mm LARGO: 20 CENT\u00cdMETROS C\u00d3DIGO: 000874 &nbsp;<\/p>\n","protected":false},"featured_media":2964,"comment_status":"open","ping_status":"closed","template":"","meta":[],"_links":{"self":[{"href":"https:\/\/casabravo.cl\/index.php?rest_route=\/wp\/v2\/product\/2963"}],"collection":[{"href":"https:\/\/casabravo.cl\/index.php?rest_route=\/wp\/v2\/product"}],"about":[{"href":"https:\/\/casabravo.cl\/index.php?rest_route=\/wp\/v2\/types\/product"}],"replies":[{"embeddable":true,"href":"https:\/\/casabravo.cl\/index.php?rest_route=%2Fwp%2Fv2%2Fcomments&post=2963"}],"wp:featuredmedia":[{"embeddable":true,"href":"https:\/\/casabravo.cl\/index.php?rest_route=\/wp\/v2\/media\/2964"}],"wp:attachment":[{"href":"https:\/\/casabravo.cl\/index.php?rest_route=%2Fwp%2Fv2%2Fmedia&parent=2963"}],"curies":[{"name":"wp","href":"https:\/\/api.w.org\/{rel}","templated":true}]}}