{"id":2718,"date":"2018-12-19T16:08:25","date_gmt":"2018-12-19T16:08:25","guid":{"rendered":"http:\/\/casabravo.cl\/?post_type=product&#038;p=2718"},"modified":"2019-01-10T18:47:55","modified_gmt":"2019-01-10T18:47:55","slug":"cable-vga-flat-3-0-mts-macho-macho-naranjo","status":"publish","type":"product","link":"https:\/\/casabravo.cl\/?product=cable-vga-flat-3-0-mts-macho-macho-naranjo","title":{"rendered":"CABLE VGA FLAT 3.0 MTS. PARA MONITOR"},"content":{"rendered":"<p>CABLE VGA<\/p>\n<p><strong>CARACTER\u00cdSTICAS:<\/strong><\/p>\n<p>APLICACI\u00d3N: PARA MONITOR<\/p>\n<p>TIPO: VGA MACHO-MACHO FLAT (PLANO)<\/p>\n<p>LARGO: 3.0 METROS<\/p>\n<p>COLOR: NARANJA<\/p>\n<p>C\u00d3DIGO: 001317<\/p>\n<p>&nbsp;<\/p>\n","protected":false},"excerpt":{"rendered":"<p>CABLE VGA CARACTER\u00cdSTICAS: APLICACI\u00d3N: PARA MONITOR TIPO: VGA MACHO-MACHO FLAT (PLANO) LARGO: 3.0 METROS COLOR: NARANJA C\u00d3DIGO: 001317 &nbsp;<\/p>\n","protected":false},"featured_media":3328,"comment_status":"open","ping_status":"closed","template":"","meta":[],"_links":{"self":[{"href":"https:\/\/casabravo.cl\/index.php?rest_route=\/wp\/v2\/product\/2718"}],"collection":[{"href":"https:\/\/casabravo.cl\/index.php?rest_route=\/wp\/v2\/product"}],"about":[{"href":"https:\/\/casabravo.cl\/index.php?rest_route=\/wp\/v2\/types\/product"}],"replies":[{"embeddable":true,"href":"https:\/\/casabravo.cl\/index.php?rest_route=%2Fwp%2Fv2%2Fcomments&post=2718"}],"wp:featuredmedia":[{"embeddable":true,"href":"https:\/\/casabravo.cl\/index.php?rest_route=\/wp\/v2\/media\/3328"}],"wp:attachment":[{"href":"https:\/\/casabravo.cl\/index.php?rest_route=%2Fwp%2Fv2%2Fmedia&parent=2718"}],"curies":[{"name":"wp","href":"https:\/\/api.w.org\/{rel}","templated":true}]}}