{"id":2681,"date":"2018-12-19T14:49:02","date_gmt":"2018-12-19T14:49:02","guid":{"rendered":"http:\/\/casabravo.cl\/?post_type=product&#038;p=2681"},"modified":"2023-09-04T15:15:22","modified_gmt":"2023-09-04T15:15:22","slug":"2681","status":"publish","type":"product","link":"https:\/\/casabravo.cl\/?product=2681","title":{"rendered":"CABLE HDMI 10.0 METROS FULL HD 1.4V M\/M"},"content":{"rendered":"<p>CABLE HDMI<\/p>\n<p><strong>CARACTER\u00cdSTICAS:<\/strong><\/p>\n<p>APLICACI\u00d3N: CABLE HDMI 1.4V MACHO\/MACHO<\/p>\n<p>TIPO:\u00a0\u00a0CONECTOR MET\u00c1LICO FULL HD<\/p>\n<p>LARGO: 10.0 METROS<\/p>\n<p>PRESENTACI\u00d3N: BOLSA CABLE PLANO<\/p>\n<p>C\u00d3DIGO: 001913<\/p>\n<p>&nbsp;<\/p>\n","protected":false},"excerpt":{"rendered":"<p>CABLE HDMI CARACTER\u00cdSTICAS: APLICACI\u00d3N: CABLE HDMI 1.4V MACHO\/MACHO TIPO:\u00a0\u00a0CONECTOR MET\u00c1LICO FULL HD LARGO: 10.0 METROS PRESENTACI\u00d3N: BOLSA CABLE PLANO C\u00d3DIGO: 001913 &nbsp;<\/p>\n","protected":false},"featured_media":4941,"comment_status":"open","ping_status":"closed","template":"","meta":[],"_links":{"self":[{"href":"https:\/\/casabravo.cl\/index.php?rest_route=\/wp\/v2\/product\/2681"}],"collection":[{"href":"https:\/\/casabravo.cl\/index.php?rest_route=\/wp\/v2\/product"}],"about":[{"href":"https:\/\/casabravo.cl\/index.php?rest_route=\/wp\/v2\/types\/product"}],"replies":[{"embeddable":true,"href":"https:\/\/casabravo.cl\/index.php?rest_route=%2Fwp%2Fv2%2Fcomments&post=2681"}],"wp:featuredmedia":[{"embeddable":true,"href":"https:\/\/casabravo.cl\/index.php?rest_route=\/wp\/v2\/media\/4941"}],"wp:attachment":[{"href":"https:\/\/casabravo.cl\/index.php?rest_route=%2Fwp%2Fv2%2Fmedia&parent=2681"}],"curies":[{"name":"wp","href":"https:\/\/api.w.org\/{rel}","templated":true}]}}