{"id":2327,"date":"2018-12-13T13:11:39","date_gmt":"2018-12-13T13:11:39","guid":{"rendered":"http:\/\/casabravo.cl\/?post_type=product&#038;p=2327"},"modified":"2022-12-05T14:19:08","modified_gmt":"2022-12-05T14:19:08","slug":"resma-papel-carta-75g-m-fotocopia-blanco","status":"publish","type":"product","link":"https:\/\/casabravo.cl\/?product=resma-papel-carta-75g-m-fotocopia-blanco","title":{"rendered":"PAPEL CARTA 75G\/M FOTOCOPIA BLANCO"},"content":{"rendered":"<p>PAPEL<\/p>\n<p><strong>CARACTER\u00cdSTICAS:<\/strong><\/p>\n<p>APLICACI\u00d3N: RESMA PAPEL BLANCO 75G<\/p>\n<p>CANTIDAD: 500 HOJAS<\/p>\n<p>C\u00d3DIGO: 001023<\/p>\n","protected":false},"excerpt":{"rendered":"<p>PAPEL CARACTER\u00cdSTICAS: APLICACI\u00d3N: RESMA PAPEL BLANCO 75G CANTIDAD: 500 HOJAS C\u00d3DIGO: 001023<\/p>\n","protected":false},"featured_media":0,"comment_status":"open","ping_status":"closed","template":"","meta":[],"_links":{"self":[{"href":"https:\/\/casabravo.cl\/index.php?rest_route=\/wp\/v2\/product\/2327"}],"collection":[{"href":"https:\/\/casabravo.cl\/index.php?rest_route=\/wp\/v2\/product"}],"about":[{"href":"https:\/\/casabravo.cl\/index.php?rest_route=\/wp\/v2\/types\/product"}],"replies":[{"embeddable":true,"href":"https:\/\/casabravo.cl\/index.php?rest_route=%2Fwp%2Fv2%2Fcomments&post=2327"}],"wp:attachment":[{"href":"https:\/\/casabravo.cl\/index.php?rest_route=%2Fwp%2Fv2%2Fmedia&parent=2327"}],"curies":[{"name":"wp","href":"https:\/\/api.w.org\/{rel}","templated":true}]}}