{"id":2323,"date":"2018-12-13T12:58:06","date_gmt":"2018-12-13T12:58:06","guid":{"rendered":"http:\/\/casabravo.cl\/?post_type=product&#038;p=2323"},"modified":"2022-12-05T20:49:08","modified_gmt":"2022-12-05T20:49:08","slug":"maquina-burbuja-220v","status":"publish","type":"product","link":"https:\/\/casabravo.cl\/?product=maquina-burbuja-220v","title":{"rendered":"MAQUINA BURBUJAS"},"content":{"rendered":"<p>MAQUINA BURBUJAS<\/p>\n<p><strong>CARACTER\u00cdSTICAS:<\/strong><\/p>\n<p>APLICACI\u00d3N: GIRA CON L\u00cdQUIDO, ENTREGANDO BURBUJAS<\/p>\n<p>POTENCIA: 220V<\/p>\n<p>CONEXI\u00d3N: ENCHUFE DIRECTO<\/p>\n<p>C\u00d3DIGO: 054406<\/p>\n<p>&nbsp;<\/p>\n","protected":false},"excerpt":{"rendered":"<p>MAQUINA BURBUJAS CARACTER\u00cdSTICAS: APLICACI\u00d3N: GIRA CON L\u00cdQUIDO, ENTREGANDO BURBUJAS POTENCIA: 220V CONEXI\u00d3N: ENCHUFE DIRECTO C\u00d3DIGO: 054406 &nbsp;<\/p>\n","protected":false},"featured_media":2325,"comment_status":"open","ping_status":"closed","template":"","meta":[],"_links":{"self":[{"href":"https:\/\/casabravo.cl\/index.php?rest_route=\/wp\/v2\/product\/2323"}],"collection":[{"href":"https:\/\/casabravo.cl\/index.php?rest_route=\/wp\/v2\/product"}],"about":[{"href":"https:\/\/casabravo.cl\/index.php?rest_route=\/wp\/v2\/types\/product"}],"replies":[{"embeddable":true,"href":"https:\/\/casabravo.cl\/index.php?rest_route=%2Fwp%2Fv2%2Fcomments&post=2323"}],"wp:featuredmedia":[{"embeddable":true,"href":"https:\/\/casabravo.cl\/index.php?rest_route=\/wp\/v2\/media\/2325"}],"wp:attachment":[{"href":"https:\/\/casabravo.cl\/index.php?rest_route=%2Fwp%2Fv2%2Fmedia&parent=2323"}],"curies":[{"name":"wp","href":"https:\/\/api.w.org\/{rel}","templated":true}]}}