{"id":2176,"date":"2018-12-12T14:35:04","date_gmt":"2018-12-12T14:35:04","guid":{"rendered":"http:\/\/casabravo.cl\/?post_type=product&#038;p=2176"},"modified":"2024-07-02T09:39:31","modified_gmt":"2024-07-02T09:39:31","slug":"toner-alternativo-para-hp","status":"publish","type":"product","link":"https:\/\/casabravo.cl\/?product=toner-alternativo-para-hp","title":{"rendered":"TONER ALTERNATIVO PARA HP CE285A"},"content":{"rendered":"<p>TONER ALTERNATIVO<\/p>\n<p><strong>CARACTER\u00cdSTICAS:<\/strong><\/p>\n<p>APLICACI\u00d3N: PARA IMPRESORA L\u00c1SER HP<\/p>\n<p>TIPO: ALTERNATIVO<\/p>\n<p>MODELO IMPRESORA:\u00a0LASERJET P1100\/P1102W\/M1212NF\/M1217nfw\/<\/p>\n<p>MULTIFUNCION PRINTER (CE847A)<\/p>\n<p>IMPRESIONES: 1.600 P\u00c1GINAS<\/p>\n<p>C\u00d3DIGO F\u00c1BRICA: CE285A<\/p>\n<p>C\u00d3DIGO: 000646<\/p>\n","protected":false},"excerpt":{"rendered":"<p>TONER ALTERNATIVO CARACTER\u00cdSTICAS: APLICACI\u00d3N: PARA IMPRESORA L\u00c1SER HP TIPO: ALTERNATIVO MODELO IMPRESORA:\u00a0LASERJET P1100\/P1102W\/M1212NF\/M1217nfw\/ MULTIFUNCION PRINTER (CE847A) IMPRESIONES: 1.600 P\u00c1GINAS C\u00d3DIGO F\u00c1BRICA: CE285A C\u00d3DIGO: 000646<\/p>\n","protected":false},"featured_media":2195,"comment_status":"open","ping_status":"closed","template":"","meta":[],"_links":{"self":[{"href":"https:\/\/casabravo.cl\/index.php?rest_route=\/wp\/v2\/product\/2176"}],"collection":[{"href":"https:\/\/casabravo.cl\/index.php?rest_route=\/wp\/v2\/product"}],"about":[{"href":"https:\/\/casabravo.cl\/index.php?rest_route=\/wp\/v2\/types\/product"}],"replies":[{"embeddable":true,"href":"https:\/\/casabravo.cl\/index.php?rest_route=%2Fwp%2Fv2%2Fcomments&post=2176"}],"wp:featuredmedia":[{"embeddable":true,"href":"https:\/\/casabravo.cl\/index.php?rest_route=\/wp\/v2\/media\/2195"}],"wp:attachment":[{"href":"https:\/\/casabravo.cl\/index.php?rest_route=%2Fwp%2Fv2%2Fmedia&parent=2176"}],"curies":[{"name":"wp","href":"https:\/\/api.w.org\/{rel}","templated":true}]}}