{"id":2160,"date":"2018-12-12T12:28:26","date_gmt":"2018-12-12T12:28:26","guid":{"rendered":"http:\/\/casabravo.cl\/?post_type=product&#038;p=2160"},"modified":"2020-10-29T22:44:47","modified_gmt":"2020-10-29T22:44:47","slug":"pendrive-llavero-8-gygas-monsters-disney","status":"publish","type":"product","link":"https:\/\/casabravo.cl\/?product=pendrive-llavero-8-gygas-monsters-disney","title":{"rendered":"PENDRIVE LLAVERO 8 GYGAS MONSTERS"},"content":{"rendered":"<p>PENDRIVE\u00a0 8GB<\/p>\n<p><strong>CARACTER\u00cdSTICAS<\/strong>:<\/p>\n<p>APLICACI\u00d3N: USB 2.0<\/p>\n<p>TIPO: LLAVERO<\/p>\n<p>DISE\u00d1O:\u00a0MONSTERS<\/p>\n<p>MARCA:\u00a0DISNEY<\/p>\n<p>C\u00d3DIGO: 000934<\/p>\n","protected":false},"excerpt":{"rendered":"<p>PENDRIVE\u00a0 8GB CARACTER\u00cdSTICAS: APLICACI\u00d3N: USB 2.0 TIPO: LLAVERO DISE\u00d1O:\u00a0MONSTERS MARCA:\u00a0DISNEY C\u00d3DIGO: 000934<\/p>\n","protected":false},"featured_media":0,"comment_status":"open","ping_status":"closed","template":"","meta":[],"_links":{"self":[{"href":"https:\/\/casabravo.cl\/index.php?rest_route=\/wp\/v2\/product\/2160"}],"collection":[{"href":"https:\/\/casabravo.cl\/index.php?rest_route=\/wp\/v2\/product"}],"about":[{"href":"https:\/\/casabravo.cl\/index.php?rest_route=\/wp\/v2\/types\/product"}],"replies":[{"embeddable":true,"href":"https:\/\/casabravo.cl\/index.php?rest_route=%2Fwp%2Fv2%2Fcomments&post=2160"}],"wp:attachment":[{"href":"https:\/\/casabravo.cl\/index.php?rest_route=%2Fwp%2Fv2%2Fmedia&parent=2160"}],"curies":[{"name":"wp","href":"https:\/\/api.w.org\/{rel}","templated":true}]}}