{"id":2084,"date":"2018-12-11T19:04:27","date_gmt":"2018-12-11T19:04:27","guid":{"rendered":"http:\/\/casabravo.cl\/?post_type=product&#038;p=2084"},"modified":"2021-08-18T22:37:42","modified_gmt":"2021-08-18T22:37:42","slug":"pendrive-16-gygas-usb-2-0-3-0","status":"publish","type":"product","link":"https:\/\/casabravo.cl\/?product=pendrive-16-gygas-usb-2-0-3-0","title":{"rendered":"PENDRIVE 32 GYGAS USB 3.2"},"content":{"rendered":"<p>PENDRIVE<\/p>\n<p><strong>CARACTER\u00cdSTICAS:<\/strong><\/p>\n<p>APLICACI\u00d3N: PENDRIVE 32 GYGAS<\/p>\n<p>TIPO: MICRO USB 3.2<\/p>\n<p>MARCA: KINGSTON<\/p>\n<p>C\u00d3DIGO: 001730<\/p>\n<p>&nbsp;<\/p>\n<p>&nbsp;<\/p>\n","protected":false},"excerpt":{"rendered":"<p>PENDRIVE CARACTER\u00cdSTICAS: APLICACI\u00d3N: PENDRIVE 32 GYGAS TIPO: MICRO USB 3.2 MARCA: KINGSTON C\u00d3DIGO: 001730 &nbsp; &nbsp;<\/p>\n","protected":false},"featured_media":5977,"comment_status":"open","ping_status":"closed","template":"","meta":[],"_links":{"self":[{"href":"https:\/\/casabravo.cl\/index.php?rest_route=\/wp\/v2\/product\/2084"}],"collection":[{"href":"https:\/\/casabravo.cl\/index.php?rest_route=\/wp\/v2\/product"}],"about":[{"href":"https:\/\/casabravo.cl\/index.php?rest_route=\/wp\/v2\/types\/product"}],"replies":[{"embeddable":true,"href":"https:\/\/casabravo.cl\/index.php?rest_route=%2Fwp%2Fv2%2Fcomments&post=2084"}],"wp:featuredmedia":[{"embeddable":true,"href":"https:\/\/casabravo.cl\/index.php?rest_route=\/wp\/v2\/media\/5977"}],"wp:attachment":[{"href":"https:\/\/casabravo.cl\/index.php?rest_route=%2Fwp%2Fv2%2Fmedia&parent=2084"}],"curies":[{"name":"wp","href":"https:\/\/api.w.org\/{rel}","templated":true}]}}