{"id":1964,"date":"2018-12-06T15:10:35","date_gmt":"2018-12-06T15:10:35","guid":{"rendered":"http:\/\/casabravo.cl\/?post_type=product&#038;p=1964"},"modified":"2021-11-08T20:19:10","modified_gmt":"2021-11-08T20:19:10","slug":"foco-panel-vidrio-20w-embutido-cuadrado-6500k-175-mm","status":"publish","type":"product","link":"https:\/\/casabravo.cl\/?product=foco-panel-vidrio-20w-embutido-cuadrado-6500k-175-mm","title":{"rendered":"PANEL LED CUADRADO EMBUTIDO 20 WATTS VIDRIO"},"content":{"rendered":"<p>PANEL LED<\/p>\n<p><strong>CARACTER\u00cdSTICAS:<\/strong><\/p>\n<p>APLICACI\u00d3N:\u00a0PANEL LED VIDRIO 20W<\/p>\n<p>TIPO: CUADRADO EMBUTIDO<\/p>\n<p>DI\u00c1METRO: 175 MM.<\/p>\n<p>COLOR: LUZ FR\u00cdA (6500K)<\/p>\n<p>MARCA: POWERLED<\/p>\n<p>C\u00d3DIGO: 054477<\/p>\n<p>&nbsp;<\/p>\n","protected":false},"excerpt":{"rendered":"<p>PANEL LED CARACTER\u00cdSTICAS: APLICACI\u00d3N:\u00a0PANEL LED VIDRIO 20W TIPO: CUADRADO EMBUTIDO DI\u00c1METRO: 175 MM. COLOR: LUZ FR\u00cdA (6500K) MARCA: POWERLED C\u00d3DIGO: 054477 &nbsp;<\/p>\n","protected":false},"featured_media":3766,"comment_status":"open","ping_status":"closed","template":"","meta":[],"_links":{"self":[{"href":"https:\/\/casabravo.cl\/index.php?rest_route=\/wp\/v2\/product\/1964"}],"collection":[{"href":"https:\/\/casabravo.cl\/index.php?rest_route=\/wp\/v2\/product"}],"about":[{"href":"https:\/\/casabravo.cl\/index.php?rest_route=\/wp\/v2\/types\/product"}],"replies":[{"embeddable":true,"href":"https:\/\/casabravo.cl\/index.php?rest_route=%2Fwp%2Fv2%2Fcomments&post=1964"}],"wp:featuredmedia":[{"embeddable":true,"href":"https:\/\/casabravo.cl\/index.php?rest_route=\/wp\/v2\/media\/3766"}],"wp:attachment":[{"href":"https:\/\/casabravo.cl\/index.php?rest_route=%2Fwp%2Fv2%2Fmedia&parent=1964"}],"curies":[{"name":"wp","href":"https:\/\/api.w.org\/{rel}","templated":true}]}}