{"id":1927,"date":"2018-12-06T12:59:56","date_gmt":"2018-12-06T12:59:56","guid":{"rendered":"http:\/\/casabravo.cl\/?post_type=product&#038;p=1927"},"modified":"2021-02-02T19:08:17","modified_gmt":"2021-02-02T19:08:17","slug":"ampolleta-led-9w-calido-y-frio","status":"publish","type":"product","link":"https:\/\/casabravo.cl\/?product=ampolleta-led-9w-calido-y-frio","title":{"rendered":"AMPOLLETA LED 9 WATTS LUZ FR\u00cdA \/ LUZ C\u00c1LIDA"},"content":{"rendered":"<p>AMPOLLETA LED<\/p>\n<p><strong>CARACTER\u00cdSTICAS:<\/strong><\/p>\n<p>APLICACI\u00d3N: AMPOLLETA LED 9 WATTS<\/p>\n<p>TIPO: LUZ C\u00c1LIDA (3000K) Y\u00a0 LUZ FR\u00cdA (6500K) \/ E-27<\/p>\n<p>LUMINOSIDAD: 810 L\u00daMENES<\/p>\n<p>VIDA \u00daTIL: 25.000 HORAS<\/p>\n<p>EQUIVALENCIA: 9W = 75W<\/p>\n<p>MARCA: WELLMAX<\/p>\n<p>CODIGO: 054400<\/p>\n","protected":false},"excerpt":{"rendered":"<p>AMPOLLETA LED CARACTER\u00cdSTICAS: APLICACI\u00d3N: AMPOLLETA LED 9 WATTS TIPO: LUZ C\u00c1LIDA (3000K) Y\u00a0 LUZ FR\u00cdA (6500K) \/ E-27 LUMINOSIDAD: 810 L\u00daMENES VIDA \u00daTIL: 25.000 HORAS EQUIVALENCIA: 9W = 75W MARCA: WELLMAX CODIGO: 054400<\/p>\n","protected":false},"featured_media":3660,"comment_status":"open","ping_status":"closed","template":"","meta":[],"_links":{"self":[{"href":"https:\/\/casabravo.cl\/index.php?rest_route=\/wp\/v2\/product\/1927"}],"collection":[{"href":"https:\/\/casabravo.cl\/index.php?rest_route=\/wp\/v2\/product"}],"about":[{"href":"https:\/\/casabravo.cl\/index.php?rest_route=\/wp\/v2\/types\/product"}],"replies":[{"embeddable":true,"href":"https:\/\/casabravo.cl\/index.php?rest_route=%2Fwp%2Fv2%2Fcomments&post=1927"}],"wp:featuredmedia":[{"embeddable":true,"href":"https:\/\/casabravo.cl\/index.php?rest_route=\/wp\/v2\/media\/3660"}],"wp:attachment":[{"href":"https:\/\/casabravo.cl\/index.php?rest_route=%2Fwp%2Fv2%2Fmedia&parent=1927"}],"curies":[{"name":"wp","href":"https:\/\/api.w.org\/{rel}","templated":true}]}}