{"id":1875,"date":"2018-12-05T14:01:46","date_gmt":"2018-12-05T14:01:46","guid":{"rendered":"http:\/\/casabravo.cl\/?post_type=product&#038;p=1875"},"modified":"2024-09-12T01:55:14","modified_gmt":"2024-09-12T01:55:14","slug":"kit-dvr-8-canales","status":"publish","type":"product","link":"https:\/\/casabravo.cl\/?product=kit-dvr-8-canales","title":{"rendered":"KIT DVR 8 CANALES INCLUYE DISCO DURO HIKVISION"},"content":{"rendered":"<p>KIT DVR<\/p>\n<p><strong>CARACTER\u00cdSTICAS:<\/strong><\/p>\n<p>APLICACI\u00d3N: DVR 8 CANALES CON DISCO DURO 1TB<\/p>\n<p>TIPO: TVI PENTA H\u00cdBRIDO, SOPORTA V\u00cdDEO HD-TVI \/ AHD \/ CVI \/ CVBS<\/p>\n<p>SOPORTA 2 C\u00c1MARAS IP 1080P; UN HDD M\u00c1XIMO 6TB<\/p>\n<p>CONTIENE: 4 C\u00c1MARAS INTERIOR + 4 C\u00c1MARAS EXTERIOR<\/p>\n<p>+ 8 CABLE V\u00cdDEO PODER + FUENTE + MOUSE + DISCO DURO<\/p>\n<p>MARCA: HIKVISION<\/p>\n<p>C\u00d3DIGO: 001870<\/p>\n","protected":false},"excerpt":{"rendered":"<p>KIT DVR CARACTER\u00cdSTICAS: APLICACI\u00d3N: DVR 8 CANALES CON DISCO DURO 1TB TIPO: TVI PENTA H\u00cdBRIDO, SOPORTA V\u00cdDEO HD-TVI \/ AHD \/ CVI \/ CVBS SOPORTA 2 C\u00c1MARAS IP 1080P; UN HDD M\u00c1XIMO 6TB CONTIENE: 4 C\u00c1MARAS INTERIOR + 4 C\u00c1MARAS EXTERIOR + 8 CABLE V\u00cdDEO PODER + FUENTE + MOUSE + DISCO DURO MARCA: HIKVISION &hellip;<\/p>\n<p class=\"read-more\"> <a class=\"\" href=\"https:\/\/casabravo.cl\/?product=kit-dvr-8-canales\"> <span class=\"screen-reader-text\">KIT DVR 8 CANALES INCLUYE DISCO DURO HIKVISION<\/span> Leer m\u00e1s &raquo;<\/a><\/p>\n","protected":false},"featured_media":1887,"comment_status":"open","ping_status":"closed","template":"","meta":[],"_links":{"self":[{"href":"https:\/\/casabravo.cl\/index.php?rest_route=\/wp\/v2\/product\/1875"}],"collection":[{"href":"https:\/\/casabravo.cl\/index.php?rest_route=\/wp\/v2\/product"}],"about":[{"href":"https:\/\/casabravo.cl\/index.php?rest_route=\/wp\/v2\/types\/product"}],"replies":[{"embeddable":true,"href":"https:\/\/casabravo.cl\/index.php?rest_route=%2Fwp%2Fv2%2Fcomments&post=1875"}],"wp:featuredmedia":[{"embeddable":true,"href":"https:\/\/casabravo.cl\/index.php?rest_route=\/wp\/v2\/media\/1887"}],"wp:attachment":[{"href":"https:\/\/casabravo.cl\/index.php?rest_route=%2Fwp%2Fv2%2Fmedia&parent=1875"}],"curies":[{"name":"wp","href":"https:\/\/api.w.org\/{rel}","templated":true}]}}