{"id":1469,"date":"2016-10-04T14:27:42","date_gmt":"2016-10-04T14:27:42","guid":{"rendered":"http:\/\/casabravo.cl\/?post_type=product&#038;p=1469"},"modified":"2019-01-25T21:13:52","modified_gmt":"2019-01-25T21:13:52","slug":"tubo-led-with-cw-luz-fria-10w-t5-tubo-completo","status":"publish","type":"product","link":"https:\/\/casabravo.cl\/?product=tubo-led-with-cw-luz-fria-10w-t5-tubo-completo","title":{"rendered":"TUBO LED NANOPLAST T5 18 WATTS, TUBO COMPLETO"},"content":{"rendered":"<p>TUBO LED NANOPLAST<\/p>\n<p><strong>CARACTER\u00cdSTICAS:<\/strong><\/p>\n<p>APLICACI\u00d3N: TUBO LED NANOPLAST 18 WATTS<\/p>\n<p>TIPO: KIT TUBO COMPLETO<\/p>\n<p>INCLUYE: TUBO, BASE DE ALUMINIO, SOPORTE, CONECTORES TR\u00c9BOL,<\/p>\n<p>CABLE Y ADAPTADOR PARA CONECTA OTRO TUBO EN L\u00cdNEA<\/p>\n<p>COLOR: LUZ FR\u00cdA<\/p>\n<p>CONEXI\u00d3N: 220V<\/p>\n<p>C\u00d3DIGO: 000592<\/p>\n","protected":false},"excerpt":{"rendered":"<p>TUBO LED NANOPLAST CARACTER\u00cdSTICAS: APLICACI\u00d3N: TUBO LED NANOPLAST 18 WATTS TIPO: KIT TUBO COMPLETO INCLUYE: TUBO, BASE DE ALUMINIO, SOPORTE, CONECTORES TR\u00c9BOL, CABLE Y ADAPTADOR PARA CONECTA OTRO TUBO EN L\u00cdNEA COLOR: LUZ FR\u00cdA CONEXI\u00d3N: 220V C\u00d3DIGO: 000592<\/p>\n","protected":false},"featured_media":1478,"comment_status":"open","ping_status":"closed","template":"","meta":[],"_links":{"self":[{"href":"https:\/\/casabravo.cl\/index.php?rest_route=\/wp\/v2\/product\/1469"}],"collection":[{"href":"https:\/\/casabravo.cl\/index.php?rest_route=\/wp\/v2\/product"}],"about":[{"href":"https:\/\/casabravo.cl\/index.php?rest_route=\/wp\/v2\/types\/product"}],"replies":[{"embeddable":true,"href":"https:\/\/casabravo.cl\/index.php?rest_route=%2Fwp%2Fv2%2Fcomments&post=1469"}],"wp:featuredmedia":[{"embeddable":true,"href":"https:\/\/casabravo.cl\/index.php?rest_route=\/wp\/v2\/media\/1478"}],"wp:attachment":[{"href":"https:\/\/casabravo.cl\/index.php?rest_route=%2Fwp%2Fv2%2Fmedia&parent=1469"}],"curies":[{"name":"wp","href":"https:\/\/api.w.org\/{rel}","templated":true}]}}