{"id":1356,"date":"2016-09-14T13:59:42","date_gmt":"2016-09-14T13:59:42","guid":{"rendered":"http:\/\/casabravo.cl\/?post_type=product&#038;p=1356"},"modified":"2022-01-26T15:02:03","modified_gmt":"2022-01-26T15:02:03","slug":"foco-led-cw-200w","status":"publish","type":"product","link":"https:\/\/casabravo.cl\/?product=foco-led-cw-200w","title":{"rendered":"FOCO PROYECTOR DE \u00c1REA LED  200 WATTS"},"content":{"rendered":"<p>FOCO LED<\/p>\n<p><strong>CARACTER\u00cdSTICAS:<\/strong><\/p>\n<p>APLICACI\u00d3N: FOCO LED 200 WATTS<\/p>\n<p>TIPO: SMD FLOOD LIGHT<\/p>\n<p>LUMINOSIDAD: 16000 &#8211; 18000 L\u00daMENES<\/p>\n<p>VIDA \u00daTIL: 10.000 HORAS<\/p>\n<p>COLOR: LUZ FR\u00cdA<\/p>\n<p>C\u00d3DIGO: 000558<\/p>\n","protected":false},"excerpt":{"rendered":"<p>FOCO LED CARACTER\u00cdSTICAS: APLICACI\u00d3N: FOCO LED 200 WATTS TIPO: SMD FLOOD LIGHT LUMINOSIDAD: 16000 &#8211; 18000 L\u00daMENES VIDA \u00daTIL: 10.000 HORAS COLOR: LUZ FR\u00cdA C\u00d3DIGO: 000558<\/p>\n","protected":false},"featured_media":4048,"comment_status":"open","ping_status":"closed","template":"","meta":[],"_links":{"self":[{"href":"https:\/\/casabravo.cl\/index.php?rest_route=\/wp\/v2\/product\/1356"}],"collection":[{"href":"https:\/\/casabravo.cl\/index.php?rest_route=\/wp\/v2\/product"}],"about":[{"href":"https:\/\/casabravo.cl\/index.php?rest_route=\/wp\/v2\/types\/product"}],"replies":[{"embeddable":true,"href":"https:\/\/casabravo.cl\/index.php?rest_route=%2Fwp%2Fv2%2Fcomments&post=1356"}],"wp:featuredmedia":[{"embeddable":true,"href":"https:\/\/casabravo.cl\/index.php?rest_route=\/wp\/v2\/media\/4048"}],"wp:attachment":[{"href":"https:\/\/casabravo.cl\/index.php?rest_route=%2Fwp%2Fv2%2Fmedia&parent=1356"}],"curies":[{"name":"wp","href":"https:\/\/api.w.org\/{rel}","templated":true}]}}